{"id":1277,"date":"2024-03-26T07:55:15","date_gmt":"2024-03-26T07:55:15","guid":{"rendered":"https:\/\/dcv.artcom.mx\/pda\/1220618\/?page_id=1277"},"modified":"2025-05-13T17:38:25","modified_gmt":"2025-05-13T17:38:25","slug":"acerca-de-mi","status":"publish","type":"page","link":"https:\/\/dcv.artcom.mx\/pda\/1220618\/acerca-de-mi\/","title":{"rendered":"Acerca de mi"},"content":{"rendered":"<p>[et_pb_section fb_built=\u00bb1&#8243; _builder_version=\u00bb4.24.2&#8243; _module_preset=\u00bbdefault\u00bb background_enable_color=\u00bboff\u00bb collapsed=\u00bbon\u00bb global_colors_info=\u00bb{}\u00bb][et_pb_row _builder_version=\u00bb4.24.2&#8243; _module_preset=\u00bbdefault\u00bb global_colors_info=\u00bb{}\u00bb][et_pb_column type=\u00bb4_4&#8243; _builder_version=\u00bb4.24.2&#8243; _module_preset=\u00bbdefault\u00bb global_colors_info=\u00bb{}\u00bb][et_pb_text _builder_version=\u00bb4.24.2&#8243; _module_preset=\u00bbdefault\u00bb text_font=\u00bbPoppins|600|||||||\u00bb text_text_color=\u00bb#FF0F97&#8243; text_font_size=\u00bb87px\u00bb text_line_height=\u00bb1em\u00bb min_height=\u00bb52px\u00bb custom_margin=\u00bb-3px|-436px|0px||false|false\u00bb custom_padding=\u00bb74px|309px||||\u00bb animation_style=\u00bbzoom\u00bb animation_direction=\u00bbcenter\u00bb global_colors_info=\u00bb{}\u00bb]<\/p>\n<p style=\"text-align: left\">\u00a0 \u00a0 \u00bfQui\u00e9n es Naomi Glz?<\/p>\n<p>[\/et_pb_text][\/et_pb_column][\/et_pb_row][et_pb_row _builder_version=\u00bb4.24.2&#8243; _module_preset=\u00bbdefault\u00bb global_colors_info=\u00bb{}\u00bb][et_pb_column type=\u00bb4_4&#8243; _builder_version=\u00bb4.24.2&#8243; _module_preset=\u00bbdefault\u00bb global_colors_info=\u00bb{}\u00bb][et_pb_text _builder_version=\u00bb4.24.2&#8243; _module_preset=\u00bbdefault\u00bb text_font=\u00bb|600|||||||\u00bb text_text_color=\u00bb#ff0f87&#8243; link_option_url=\u00bbhttps:\/\/es.anotepad.com\/notes\/b8k9m62g\u00bb link_option_url_new_window=\u00bbon\u00bb global_colors_info=\u00bb{}\u00bb]<\/p>\n<p style=\"text-align: center\">Link. Traducido al Ingles<\/p>\n<p>[\/et_pb_text][\/et_pb_column][\/et_pb_row][et_pb_row column_structure=\u00bb1_3,1_3,1_3&#8243; _builder_version=\u00bb4.24.2&#8243; _module_preset=\u00bbdefault\u00bb custom_margin=\u00bb|auto|-98px|auto||\u00bb global_colors_info=\u00bb{}\u00bb][et_pb_column type=\u00bb1_3&#8243; _builder_version=\u00bb4.24.2&#8243; _module_preset=\u00bbdefault\u00bb global_colors_info=\u00bb{}\u00bb][et_pb_text _builder_version=\u00bb4.24.2&#8243; _module_preset=\u00bbdefault\u00bb text_text_color=\u00bb#FF0F97&#8243; global_colors_info=\u00bb{}\u00bb]<\/p>\n<p>Naomi Glz es una <strong>dise\u00f1adora en formaci\u00f3n<\/strong> que no dise\u00f1a solo con las manos, <strong>sino con la mente, el coraz\u00f3n y el alma.<\/strong> Tiene 19 a\u00f1os y cursa el sexto semestre de dise\u00f1o, una carrera que ha sido tanto un <strong>misterio<\/strong> como una <strong>v\u00eda de autodescubrimiento.<\/strong> Aunque muchas veces se ha preguntado <strong>si tom\u00f3 el camino correcto<\/strong>, ha aprendido a encontrar en el dise\u00f1o una forma de transformar sus emociones, investigar lo que otros no ven y construir belleza desde el caos.<\/p>\n<p>[\/et_pb_text][et_pb_text _builder_version=\u00bb4.24.2&#8243; _module_preset=\u00bbdefault\u00bb text_text_color=\u00bb#FF0F97&#8243; custom_margin=\u00bb|-82px||||\u00bb custom_padding=\u00bb||0px|||\u00bb global_colors_info=\u00bb{}\u00bb]<\/p>\n<p><b>Convive con el Trastorno L\u00edmite de la Personalidad, algo que no es una limitaci\u00f3n, sino una parte m\u00e1s de su sensibilidad. Gracias a ello, ha desarrollado una profunda capacidad de observaci\u00f3n, an\u00e1lisis y empat\u00eda. Le apasiona la investigaci\u00f3n, el pensamiento visual y el dise\u00f1o como herramienta de reflexi\u00f3n. Su proceso no es lineal ni inmediato \u2014es honesto, detallado y cargado de intenci\u00f3n\u2014. A veces le toma m\u00e1s tiempo llegar, pero cuando llega, lo hace con profundidad.<\/b><\/p>\n<p>[\/et_pb_text][\/et_pb_column][et_pb_column type=\u00bb1_3&#8243; _builder_version=\u00bb4.24.2&#8243; _module_preset=\u00bbdefault\u00bb global_colors_info=\u00bb{}\u00bb][et_pb_image src=\u00bbhttp:\/\/dcv.artcom.mx\/pda\/1220618\/wp-content\/uploads\/sites\/42\/2025\/05\/portafolio-portada.png\u00bb title_text=\u00bbportafolio portada\u00bb _builder_version=\u00bb4.24.2&#8243; _module_preset=\u00bbdefault\u00bb transform_scale=\u00bb212%|212%\u00bb custom_margin=\u00bb48px||53px||false|false\u00bb animation_style=\u00bbbounce\u00bb locked=\u00bboff\u00bb global_colors_info=\u00bb{}\u00bb][\/et_pb_image][\/et_pb_column][et_pb_column type=\u00bb1_3&#8243; _builder_version=\u00bb4.24.2&#8243; _module_preset=\u00bbdefault\u00bb global_colors_info=\u00bb{}\u00bb][et_pb_text _builder_version=\u00bb4.24.2&#8243; _module_preset=\u00bbdefault\u00bb text_font=\u00bb|300|||||||\u00bb text_text_color=\u00bb#FF0F97&#8243; min_height=\u00bb277px\u00bb global_colors_info=\u00bb{}\u00bb]<\/p>\n<p><strong><span class=\"Apple-converted-space\"><\/span><em>Ha pasado por tantas cosas que la han derrumbado durante estos a\u00f1os, dentro y fuera de la carrera. Reprob\u00f3 materias, se sinti\u00f3 perdida, pens\u00f3 en dejarlo todo&#8230; pero no se rindi\u00f3. No dej\u00f3 de estudiar, regres\u00f3, y aunque le ha costado mucho, aqu\u00ed est\u00e1. Porque de algo s\u00ed est\u00e1 segura: no se rendir\u00e1. Se tom\u00f3 de la mano de Dios y decidi\u00f3 \u00a0 \u00a0 \u00a0 \u00a0 \u00a0 \u00a0 \u00a0 \u00a0 seguir<\/em><\/strong><\/p>\n<p style=\"text-align: right\">\u00a0\u00a0<strong><em><\/em><\/strong><\/p>\n<p style=\"text-align: right\"><strong><em><\/em><\/strong><\/p>\n<p>[\/et_pb_text][et_pb_text _builder_version=\u00bb4.24.2&#8243; _module_preset=\u00bbdefault\u00bb text_font=\u00bb|600|||||||\u00bb text_text_color=\u00bb#FF0F97&#8243; global_colors_info=\u00bb{}\u00bb]<\/p>\n<p style=\"text-align: right\">Naomi encuentra inspiraci\u00f3n en referentes como <strong>Bruno Munari,<\/strong> no solo por lo que ense\u00f1\u00f3 sobre creatividad, sino por c\u00f3mo lo hizo: con sencillez, inteligencia y humanidad<b>.<\/b><\/p>\n<p style=\"text-align: right\">Le emociona la idea de escribir su propio libro alg\u00fan d\u00eda, donde pueda hablar sobre creatividad, dise\u00f1o y emoci\u00f3n desde una mirada \u00edntima. Sue\u00f1a con que su trabajo hable de procesos reales, de dise\u00f1o que no se trate solo de est\u00e9tica, sino de sentido y emoci\u00f3n.<\/p>\n<p style=\"text-align: right\">\n<p style=\"text-align: right\">\n<p><b><span class=\"Apple-converted-space\">\u00a0<\/span><\/b><\/p>\n<p>&nbsp;<\/p>\n<p>[\/et_pb_text][\/et_pb_column][\/et_pb_row][et_pb_row _builder_version=\u00bb4.24.2&#8243; _module_preset=\u00bbdefault\u00bb min_height=\u00bb161px\u00bb custom_margin=\u00bb-70px|auto|-193px|auto||\u00bb custom_padding=\u00bb||32px|||\u00bb global_colors_info=\u00bb{}\u00bb][et_pb_column type=\u00bb4_4&#8243; _builder_version=\u00bb4.24.2&#8243; _module_preset=\u00bbdefault\u00bb global_colors_info=\u00bb{}\u00bb][et_pb_text _builder_version=\u00bb4.24.2&#8243; _module_preset=\u00bbdefault\u00bb text_font=\u00bb|600|||||||\u00bb text_text_color=\u00bb#FF0F97&#8243; transform_translate=\u00bb0px|-85px\u00bb transform_translate_linked=\u00bboff\u00bb min_height=\u00bb171px\u00bb custom_padding=\u00bb25px|||||\u00bb global_colors_info=\u00bb{}\u00bb]<\/p>\n<p style=\"text-align: center\">Como dise\u00f1adora, no se define por <strong>un estilo cerrado<\/strong>, sino por <strong>su capacidad de adaptarse, de experimentar, de llorar con sus proyectos y volver a ellos una y otra vez hasta que significan algo verdadero.<\/strong> Cree en el poder de Dios, en la paciencia, y en dar lo mejor de s\u00ed, incluso cuando parece no tener fuerzas.<strong> <span class=\"Apple-converted-space\">E<\/span>ste portafolio<\/strong> es resultado de <strong>muchas horas, dudas, entusiasmo, cansancio y hasta l\u00e1grimas.<\/strong> Pero tambi\u00e9n de <strong>curiosidad, amor por el detalle , Investigaci\u00f3n, inspiraci\u00f3n, y muchas ganas de seguir aprendiendo.<\/strong><\/p>\n<p style=\"text-align: justify\">\n<p style=\"text-align: center\"><em>Gracias por leer tqm.<span class=\"Apple-converted-space\">\u00a0<\/span><\/em><\/p>\n<p>[\/et_pb_text][et_pb_text _builder_version=\u00bb4.24.2&#8243; _module_preset=\u00bbdefault\u00bb text_font=\u00bbPoppins|600|||||||\u00bb text_text_color=\u00bb#FF0F97&#8243; text_font_size=\u00bb87px\u00bb text_line_height=\u00bb1em\u00bb min_height=\u00bb52px\u00bb custom_margin=\u00bb-101px|-436px|0px||false|false\u00bb custom_padding=\u00bb0px|309px|36px||false|false\u00bb animation_style=\u00bbzoom\u00bb animation_direction=\u00bbcenter\u00bb global_colors_info=\u00bb{}\u00bb]<\/p>\n<p style=\"text-align: left\">METAS &#8211; GOALS<\/p>\n<p>[\/et_pb_text][\/et_pb_column][\/et_pb_row][\/et_pb_section][et_pb_section fb_built=\u00bb1&#8243; _builder_version=\u00bb4.24.2&#8243; _module_preset=\u00bbdefault\u00bb background_color=\u00bb#FF0F97&#8243; min_height=\u00bb334.3px\u00bb custom_margin=\u00bb108px||||false|false\u00bb custom_padding=\u00bb28px||||false|false\u00bb global_colors_info=\u00bb{}\u00bb][et_pb_row column_structure=\u00bb1_3,1_3,1_3&#8243; _builder_version=\u00bb4.24.2&#8243; _module_preset=\u00bbdefault\u00bb global_colors_info=\u00bb{}\u00bb][et_pb_column type=\u00bb1_3&#8243; _builder_version=\u00bb4.24.2&#8243; _module_preset=\u00bbdefault\u00bb global_colors_info=\u00bb{}\u00bb][et_pb_text _builder_version=\u00bb4.24.2&#8243; _module_preset=\u00bbdefault\u00bb text_font=\u00bbPoppins|600|||||||\u00bb text_text_color=\u00bb#ffffff\u00bb text_font_size=\u00bb32px\u00bb text_orientation=\u00bbcenter\u00bb animation_style=\u00bbnone\u00bb global_colors_info=\u00bb{}\u00bb]<\/p>\n<p>CORTO<\/p>\n<p>[\/et_pb_text][et_pb_text _builder_version=\u00bb4.24.2&#8243; _module_preset=\u00bbdefault\u00bb text_font=\u00bbPoppins||||||||\u00bb text_text_color=\u00bb#ffffff\u00bb text_font_size=\u00bb15px\u00bb custom_margin=\u00bb-17px||||false|false\u00bb animation_style=\u00bbnone\u00bb global_colors_info=\u00bb{}\u00bb]<\/p>\n<ul>\n<li>Emprender un Negocio .<\/li>\n<li>Seguimiento de sus clases de Opera.<\/li>\n<li>Terminar el a\u00f1o con al menos cuatri nuevos habitos, para cuidar mejor de su Salud.<\/li>\n<li>Hacer una nueva amistad.<\/li>\n<li>Terminar los cursos que compre en Dom\u00e9stica.<\/li>\n<\/ul>\n<p>[\/et_pb_text][\/et_pb_column][et_pb_column type=\u00bb1_3&#8243; _builder_version=\u00bb4.24.2&#8243; _module_preset=\u00bbdefault\u00bb global_colors_info=\u00bb{}\u00bb][et_pb_text _builder_version=\u00bb4.24.2&#8243; _module_preset=\u00bbdefault\u00bb text_font=\u00bbPoppins|600|||||||\u00bb text_text_color=\u00bb#ffffff\u00bb text_font_size=\u00bb32px\u00bb text_orientation=\u00bbcenter\u00bb animation_style=\u00bbnone\u00bb global_colors_info=\u00bb{}\u00bb]<\/p>\n<p>MEDIANO<\/p>\n<p>[\/et_pb_text][et_pb_text _builder_version=\u00bb4.24.2&#8243; _module_preset=\u00bbdefault\u00bb text_font=\u00bbPoppins||||||||\u00bb text_text_color=\u00bb#ffffff\u00bb text_font_size=\u00bb15px\u00bb custom_margin=\u00bb-17px||||false|false\u00bb animation_style=\u00bbnone\u00bb global_colors_info=\u00bb{}\u00bb]<\/p>\n<ul>\n<li>Crecer en mi relaci\u00f3n Con Dios.<span class=\"Apple-converted-space\">\u00a0<\/span><\/li>\n<li>Terminar 5 libros de conocimento y psicolog\u00eda.<\/li>\n<li><span><\/span>Comenzar con mis redes en Instagram.\u00a0<\/li>\n<li><span><\/span>Comprarme mi materiales de la escuela.<\/li>\n<li><span><\/span>Seguimiento de mi emprendimiento.\u00a0<\/li>\n<\/ul>\n<p>[\/et_pb_text][\/et_pb_column][et_pb_column type=\u00bb1_3&#8243; _builder_version=\u00bb4.24.2&#8243; _module_preset=\u00bbdefault\u00bb global_colors_info=\u00bb{}\u00bb][et_pb_text _builder_version=\u00bb4.24.2&#8243; _module_preset=\u00bbdefault\u00bb text_font=\u00bbPoppins|600|||||||\u00bb text_text_color=\u00bb#ffffff\u00bb text_font_size=\u00bb32px\u00bb text_orientation=\u00bbcenter\u00bb animation_style=\u00bbnone\u00bb global_colors_info=\u00bb{}\u00bb]<\/p>\n<p>LARGO<\/p>\n<p>[\/et_pb_text][et_pb_text _builder_version=\u00bb4.24.2&#8243; _module_preset=\u00bbdefault\u00bb text_font=\u00bbPoppins||||||||\u00bb text_text_color=\u00bb#ffffff\u00bb text_font_size=\u00bb15px\u00bb custom_margin=\u00bb-17px||||false|false\u00bb animation_style=\u00bbnone\u00bb global_colors_info=\u00bb{}\u00bb]<\/p>\n<ul>\n<li>Antes que termine la carrera poder estar en la selecci\u00f3n de platinum \u00a0o en algun reconocimiento de enfoques en la expoArtcom.<\/li>\n<li>Poder grabar mi disco.<\/li>\n<li><span class=\"Apple-converted-space\">Consolidar mi Emprendimiento. <\/span><\/li>\n<li><span class=\"Apple-converted-space\">Crecer en redes sociales y colaborar con marcas o influencer<\/span><\/li>\n<li style=\"list-style-type: none\">\n<ul><\/ul>\n<\/li>\n<\/ul>\n<p>[\/et_pb_text][\/et_pb_column][\/et_pb_row][\/et_pb_section][et_pb_section fb_built=\u00bb1&#8243; _builder_version=\u00bb4.24.2&#8243; _module_preset=\u00bbdefault\u00bb background_enable_color=\u00bboff\u00bb min_height=\u00bb338.3px\u00bb custom_margin=\u00bb-5px||||false|false\u00bb custom_padding=\u00bb28px||1px||false|false\u00bb global_colors_info=\u00bb{}\u00bb][et_pb_row column_structure=\u00bb1_3,1_3,1_3&#8243; _builder_version=\u00bb4.24.2&#8243; _module_preset=\u00bbdefault\u00bb global_colors_info=\u00bb{}\u00bb][et_pb_column type=\u00bb1_3&#8243; _builder_version=\u00bb4.24.2&#8243; _module_preset=\u00bbdefault\u00bb global_colors_info=\u00bb{}\u00bb][et_pb_text _builder_version=\u00bb4.24.2&#8243; _module_preset=\u00bbdefault\u00bb text_font=\u00bbPoppins|600|||||||\u00bb text_text_color=\u00bb#FF0F97&#8243; text_font_size=\u00bb28px\u00bb text_orientation=\u00bbcenter\u00bb animation_style=\u00bbnone\u00bb global_colors_info=\u00bb{}\u00bb]<\/p>\n<p>Short &#8211; Team Goals<\/p>\n<p>[\/et_pb_text][et_pb_text _builder_version=\u00bb4.24.2&#8243; _module_preset=\u00bbdefault\u00bb text_font=\u00bbPoppins||||||||\u00bb text_text_color=\u00bb#FF0F97&#8243; text_font_size=\u00bb15px\u00bb custom_margin=\u00bb-17px||||false|false\u00bb animation_style=\u00bbnone\u00bb global_colors_info=\u00bb{}\u00bb]<\/p>\n<ul>\n<li>Follow up with her Opera classes.<\/li>\n<li>Finish the year with at least four new habits to take better care of her health.<\/li>\n<li>Make a new friendship.<\/li>\n<li>Finish the courses she bought on Dom\u00e9stika.<\/li>\n<\/ul>\n<p>[\/et_pb_text][\/et_pb_column][et_pb_column type=\u00bb1_3&#8243; _builder_version=\u00bb4.24.2&#8243; _module_preset=\u00bbdefault\u00bb global_colors_info=\u00bb{}\u00bb][et_pb_text _builder_version=\u00bb4.24.2&#8243; _module_preset=\u00bbdefault\u00bb text_font=\u00bbPoppins|600|||||||\u00bb text_text_color=\u00bb#FF0F97&#8243; text_font_size=\u00bb28px\u00bb text_orientation=\u00bbcenter\u00bb animation_style=\u00bbnone\u00bb global_colors_info=\u00bb{}\u00bb]<\/p>\n<p>Mid &#8211; Team Goals<\/p>\n<p>[\/et_pb_text][et_pb_text _builder_version=\u00bb4.24.2&#8243; _module_preset=\u00bbdefault\u00bb text_font=\u00bbPoppins||||||||\u00bb text_text_color=\u00bb#FF0F97&#8243; text_font_size=\u00bb15px\u00bb custom_margin=\u00bb-17px||||false|false\u00bb animation_style=\u00bbnone\u00bb global_colors_info=\u00bb{}\u00bb]<\/p>\n<ul>\n<li>Grow in my relationship\u00a0 with God<\/li>\n<li>Finish my 10 songs<\/li>\n<li>Go on a missionary trip abroad<\/li>\n<li>Buy my school materials<\/li>\n<li>Learn about my business<\/li>\n<\/ul>\n<p>[\/et_pb_text][\/et_pb_column][et_pb_column type=\u00bb1_3&#8243; _builder_version=\u00bb4.24.2&#8243; _module_preset=\u00bbdefault\u00bb global_colors_info=\u00bb{}\u00bb][et_pb_text _builder_version=\u00bb4.24.2&#8243; _module_preset=\u00bbdefault\u00bb text_font=\u00bbPoppins|600|||||||\u00bb text_text_color=\u00bb#FF0F97&#8243; text_font_size=\u00bb32px\u00bb text_orientation=\u00bbcenter\u00bb animation_style=\u00bbnone\u00bb global_colors_info=\u00bb{}\u00bb]<\/p>\n<p>LARGO<\/p>\n<p>[\/et_pb_text][et_pb_text _builder_version=\u00bb4.24.2&#8243; _module_preset=\u00bbdefault\u00bb text_font=\u00bbPoppins||||||||\u00bb text_text_color=\u00bb#FF0F97&#8243; text_font_size=\u00bb15px\u00bb custom_margin=\u00bb-17px||||false|false\u00bb animation_style=\u00bbnone\u00bb global_colors_info=\u00bb{}\u00bb]<\/p>\n<ul>\n<li>Be selected for the Platinum category at ExpoArtcom before <span style=\"font-size: 15px\">finishing my degree<\/span><\/li>\n<li>Record my album<\/li>\n<li>Consolidate my business<\/li>\n<li>Collaborate with a designer or work at a design agency<\/li>\n<\/ul>\n<p>[\/et_pb_text][\/et_pb_column][\/et_pb_row][\/et_pb_section][et_pb_section fb_built=\u00bb1&#8243; _builder_version=\u00bb4.24.2&#8243; _module_preset=\u00bbdefault\u00bb background_color=\u00bb#FF0F97&#8243; min_height=\u00bb334.3px\u00bb custom_margin=\u00bb-15px||||false|false\u00bb custom_padding=\u00bb28px||||false|false\u00bb global_colors_info=\u00bb{}\u00bb][et_pb_row column_structure=\u00bb1_2,1_2&#8243; _builder_version=\u00bb4.24.2&#8243; _module_preset=\u00bbdefault\u00bb global_colors_info=\u00bb{}\u00bb][et_pb_column type=\u00bb1_2&#8243; _builder_version=\u00bb4.24.2&#8243; _module_preset=\u00bbdefault\u00bb global_colors_info=\u00bb{}\u00bb][et_pb_text _builder_version=\u00bb4.24.2&#8243; _module_preset=\u00bbdefault\u00bb text_font=\u00bbPoppins|600|||||||\u00bb text_text_color=\u00bb#ffffff\u00bb text_font_size=\u00bb32px\u00bb text_orientation=\u00bbcenter\u00bb animation_style=\u00bbnone\u00bb global_colors_info=\u00bb{}\u00bb]<\/p>\n<p>COSMOVISI\u00d3N<\/p>\n<p>[\/et_pb_text][et_pb_text _builder_version=\u00bb4.24.2&#8243; _module_preset=\u00bbdefault\u00bb text_font=\u00bbPoppins||||||||\u00bb text_text_color=\u00bb#ffffff\u00bb text_font_size=\u00bb15px\u00bb custom_margin=\u00bb-17px||||false|false\u00bb animation_style=\u00bbnone\u00bb global_colors_info=\u00bb{}\u00bb]<\/p>\n<ul>\n<li>\n<p data-start=\"197\" data-end=\"566\" class=\"\">Creo profundamente que Dios tiene un prop\u00f3sito con cada persona, incluso cuando no siempre lo entendemos de inmediato. En mi caso, he aprendido que todo lo que he vivido \u2014lo bueno, lo dif\u00edcil, lo inesperado\u2014 tiene un lugar en ese plan. Creo que nuestros dones no son casualidad: nos fueron dados para servir, para crear, para sanar y para inspirar.<\/p>\n<p data-start=\"568\" data-end=\"966\" class=\"\">Creo que el s\u00e1bado es un regalo, un recordatorio de que no todo depende de nosotros, y un momento especial para descansar, agradecer y reconectar con Dios.<\/p>\n<\/li>\n<\/ul>\n<p>[\/et_pb_text][\/et_pb_column][et_pb_column type=\u00bb1_2&#8243; _builder_version=\u00bb4.24.2&#8243; _module_preset=\u00bbdefault\u00bb global_colors_info=\u00bb{}\u00bb][et_pb_text _builder_version=\u00bb4.24.2&#8243; _module_preset=\u00bbdefault\u00bb text_font=\u00bbPoppins|600|||||||\u00bb text_text_color=\u00bb#ffffff\u00bb text_font_size=\u00bb32px\u00bb text_orientation=\u00bbcenter\u00bb animation_style=\u00bbnone\u00bb global_colors_info=\u00bb{}\u00bb]<\/p>\n<p><span>WORLDVIEW\u00a0<\/span><\/p>\n<p>[\/et_pb_text][et_pb_text _builder_version=\u00bb4.24.2&#8243; _module_preset=\u00bbdefault\u00bb text_font=\u00bbPoppins||||||||\u00bb text_text_color=\u00bb#ffffff\u00bb text_font_size=\u00bb15px\u00bb custom_margin=\u00bb-17px||||false|false\u00bb animation_style=\u00bbnone\u00bb global_colors_info=\u00bb{}\u00bb]<\/p>\n<ul>\n<li>\n<p data-start=\"126\" data-end=\"492\" class=\"\">I deeply believe that God has a purpose for every person, even when we don\u2019t always understand it right away. In my case, I\u2019ve learned that everything I\u2019ve lived through \u2014the good, the difficult, the unexpected\u2014 has a place in His plan. I believe our gifts are not a coincidence; they were given to us to serve, to create, to heal, and to inspire.<\/p>\n<p data-start=\"494\" data-end=\"645\" class=\"\">I believe the Sabbath is a gift \u2014a reminder that not everything depends on us\u2014 and a special moment to rest, to give thanks, and to reconnect with God.<\/p>\n<\/li>\n<\/ul>\n<p>[\/et_pb_text][\/et_pb_column][\/et_pb_row][\/et_pb_section]<\/p>\n","protected":false},"excerpt":{"rendered":"<p>\u00a0 \u00a0 \u00bfQui\u00e9n es Naomi Glz?Link. Traducido al InglesNaomi Glz es una dise\u00f1adora en formaci\u00f3n que no dise\u00f1a solo con las manos, sino con la mente, el coraz\u00f3n y el alma. Tiene 19 a\u00f1os y cursa el sexto semestre de dise\u00f1o, una carrera que ha sido tanto un misterio como una v\u00eda de autodescubrimiento. Aunque [&hellip;]<\/p>\n","protected":false},"author":44,"featured_media":0,"parent":0,"menu_order":0,"comment_status":"closed","ping_status":"closed","template":"","meta":{"_et_pb_use_builder":"on","_et_pb_old_content":"","_et_gb_content_width":"","inline_featured_image":false,"footnotes":""},"_links":{"self":[{"href":"https:\/\/dcv.artcom.mx\/pda\/1220618\/wp-json\/wp\/v2\/pages\/1277"}],"collection":[{"href":"https:\/\/dcv.artcom.mx\/pda\/1220618\/wp-json\/wp\/v2\/pages"}],"about":[{"href":"https:\/\/dcv.artcom.mx\/pda\/1220618\/wp-json\/wp\/v2\/types\/page"}],"author":[{"embeddable":true,"href":"https:\/\/dcv.artcom.mx\/pda\/1220618\/wp-json\/wp\/v2\/users\/44"}],"replies":[{"embeddable":true,"href":"https:\/\/dcv.artcom.mx\/pda\/1220618\/wp-json\/wp\/v2\/comments?post=1277"}],"version-history":[{"count":40,"href":"https:\/\/dcv.artcom.mx\/pda\/1220618\/wp-json\/wp\/v2\/pages\/1277\/revisions"}],"predecessor-version":[{"id":2165,"href":"https:\/\/dcv.artcom.mx\/pda\/1220618\/wp-json\/wp\/v2\/pages\/1277\/revisions\/2165"}],"wp:attachment":[{"href":"https:\/\/dcv.artcom.mx\/pda\/1220618\/wp-json\/wp\/v2\/media?parent=1277"}],"curies":[{"name":"wp","href":"https:\/\/api.w.org\/{rel}","templated":true}]}}