{"id":15,"date":"2020-03-03T22:35:51","date_gmt":"2020-03-04T04:35:51","guid":{"rendered":"http:\/\/pdadcv.artcom.mx\/portafolio-demo\/?page_id=15"},"modified":"2025-05-13T23:30:07","modified_gmt":"2025-05-13T23:30:07","slug":"autoevaluaciones","status":"publish","type":"page","link":"https:\/\/dcv.artcom.mx\/pda\/1220371\/autoevaluaciones\/","title":{"rendered":"Autoevaluaciones"},"content":{"rendered":"<p>[et_pb_section fb_built=\u00bb1&#8243; admin_label=\u00bbsection\u00bb _builder_version=\u00bb4.24.2&#8243; use_background_color_gradient=\u00bbon\u00bb background_color_gradient_direction=\u00bb171deg\u00bb background_color_gradient_stops=\u00bb#ffffff 0%|#203aa9 100%\u00bb global_colors_info=\u00bb{}\u00bb][et_pb_row admin_label=\u00bbrow\u00bb _builder_version=\u00bb4.16&#8243; background_size=\u00bbinitial\u00bb background_position=\u00bbtop_left\u00bb background_repeat=\u00bbrepeat\u00bb global_colors_info=\u00bb{}\u00bb][et_pb_column type=\u00bb4_4&#8243; _builder_version=\u00bb4.16&#8243; custom_padding=\u00bb|||\u00bb global_colors_info=\u00bb{}\u00bb custom_padding__hover=\u00bb|||\u00bb][et_pb_text _builder_version=\u00bb4.24.2&#8243; _module_preset=\u00bbdefault\u00bb text_font=\u00bbMontserrat|700|||||||\u00bb text_text_color=\u00bb#203aa9&#8243; text_font_size=\u00bb50px\u00bb hover_enabled=\u00bb0&#8243; global_colors_info=\u00bb{}\u00bb sticky_enabled=\u00bb0&#8243;]<\/p>\n<p style=\"text-align: center\">AUTOEVALUACI\u00d3N<\/p>\n<p>[\/et_pb_text][et_pb_text _builder_version=\u00bb4.24.2&#8243; _module_preset=\u00bbdefault\u00bb text_font=\u00bbMontserrat|700|||||||\u00bb text_text_color=\u00bb#000000&#8243; text_font_size=\u00bb30px\u00bb custom_margin=\u00bb45px|||||\u00bb hover_enabled=\u00bb0&#8243; global_colors_info=\u00bb{}\u00bb sticky_enabled=\u00bb0&#8243;]<\/p>\n<p>Quinto semestre<\/p>\n<p>[\/et_pb_text][\/et_pb_column][\/et_pb_row][et_pb_row _builder_version=\u00bb4.24.2&#8243; _module_preset=\u00bbdefault\u00bb hover_enabled=\u00bb0&#8243; global_colors_info=\u00bb{}\u00bb sticky_enabled=\u00bb0&#8243;][et_pb_column type=\u00bb4_4&#8243; _builder_version=\u00bb4.20.4&#8243; _module_preset=\u00bbdefault\u00bb global_colors_info=\u00bb{}\u00bb][et_pb_counters bar_bg_color=\u00bb#3a98b9&#8243; _builder_version=\u00bb4.24.2&#8243; _module_preset=\u00bbdefault\u00bb hover_enabled=\u00bb0&#8243; global_colors_info=\u00bb{}\u00bb sticky_enabled=\u00bb0&#8243;][et_pb_counter percent=\u00bb96&#8243; _builder_version=\u00bb4.24.2&#8243; _module_preset=\u00bbdefault\u00bb title_font=\u00bbCatamaran||||||||\u00bb title_font_size=\u00bb20px\u00bb hover_enabled=\u00bb0&#8243; global_colors_info=\u00bb{}\u00bb bar_background_color_default=\u00bb#3a98b9&#8243; use_percentages=\u00bbon\u00bb sticky_enabled=\u00bb0&#8243;]<\/p>\n<p>Fotograf\u00eda Comercial<\/p>\n<p>[\/et_pb_counter][et_pb_counter percent=\u00bb95&#8243; _builder_version=\u00bb4.24.2&#8243; _module_preset=\u00bbdefault\u00bb title_font=\u00bbCatamaran||||||||\u00bb title_font_size=\u00bb20px\u00bb hover_enabled=\u00bb0&#8243; global_colors_info=\u00bb{}\u00bb bar_background_color_default=\u00bb#3a98b9&#8243; use_percentages=\u00bbon\u00bb sticky_enabled=\u00bb0&#8243;]<\/p>\n<p>Taller de Producci\u00f3n Audiovisual<\/p>\n<p>[\/et_pb_counter][et_pb_counter percent=\u00bb70&#8243; _builder_version=\u00bb4.20.4&#8243; _module_preset=\u00bbdefault\u00bb title_font=\u00bbCatamaran||||||||\u00bb title_font_size=\u00bb20px\u00bb global_colors_info=\u00bb{}\u00bb bar_background_color_default=\u00bb#3a98b9&#8243; use_percentages=\u00bbon\u00bb]Taller de gr\u00e1ficos vectoriales[\/et_pb_counter][et_pb_counter percent=\u00bb80&#8243; _builder_version=\u00bb4.20.4&#8243; _module_preset=\u00bbdefault\u00bb title_font=\u00bbCatamaran||||||||\u00bb title_font_size=\u00bb20px\u00bb global_colors_info=\u00bb{}\u00bb bar_background_color_default=\u00bb#3a98b9&#8243; use_percentages=\u00bbon\u00bb]Proceso creativo[\/et_pb_counter][et_pb_counter percent=\u00bb89&#8243; _builder_version=\u00bb4.20.4&#8243; _module_preset=\u00bbdefault\u00bb title_font=\u00bbCatamaran||||||||\u00bb title_font_size=\u00bb20px\u00bb global_colors_info=\u00bb{}\u00bb bar_background_color_default=\u00bb#3a98b9&#8243; use_percentages=\u00bbon\u00bb]Historia del arte y dise\u00f1o[\/et_pb_counter][et_pb_counter percent=\u00bb97&#8243; _builder_version=\u00bb4.20.4&#8243; _module_preset=\u00bbdefault\u00bb title_font=\u00bbCatamaran||||||||\u00bb title_font_size=\u00bb20px\u00bb global_colors_info=\u00bb{}\u00bb bar_background_color_default=\u00bb#3a98b9&#8243; use_percentages=\u00bbon\u00bb]Estudio de los evangelios[\/et_pb_counter][et_pb_counter percent=\u00bb99&#8243; _builder_version=\u00bb4.20.4&#8243; _module_preset=\u00bbdefault\u00bb title_font=\u00bbCatamaran||||||||\u00bb title_font_size=\u00bb20px\u00bb global_colors_info=\u00bb{}\u00bb bar_background_color_default=\u00bb#3a98b9&#8243; use_percentages=\u00bbon\u00bb]Dibujo Acad\u00e9mico[\/et_pb_counter][\/et_pb_counters][et_pb_text _builder_version=\u00bb4.24.2&#8243; _module_preset=\u00bbdefault\u00bb text_font=\u00bbMontserrat|700|||||||\u00bb text_text_color=\u00bb#000000&#8243; text_font_size=\u00bb30px\u00bb custom_margin=\u00bb63px|||||\u00bb hover_enabled=\u00bb0&#8243; global_colors_info=\u00bb{}\u00bb sticky_enabled=\u00bb0&#8243;]<\/p>\n<p>Sexto semestre<\/p>\n<p>[\/et_pb_text][\/et_pb_column][\/et_pb_row][et_pb_row _builder_version=\u00bb4.20.4&#8243; _module_preset=\u00bbdefault\u00bb global_colors_info=\u00bb{}\u00bb][et_pb_column type=\u00bb4_4&#8243; _builder_version=\u00bb4.20.4&#8243; _module_preset=\u00bbdefault\u00bb global_colors_info=\u00bb{}\u00bb][et_pb_counters bar_bg_color=\u00bb#e8d5c4&#8243; _builder_version=\u00bb4.20.4&#8243; _module_preset=\u00bbdefault\u00bb global_colors_info=\u00bb{}\u00bb][et_pb_counter percent=\u00bb85&#8243; _builder_version=\u00bb4.20.4&#8243; _module_preset=\u00bbdefault\u00bb title_font=\u00bbCatamaran||||||||\u00bb title_font_size=\u00bb20px\u00bb global_colors_info=\u00bb{}\u00bb bar_background_color_default=\u00bb#e8d5c4&#8243; use_percentages=\u00bbon\u00bb]Geometr\u00eda descriptiva[\/et_pb_counter][et_pb_counter percent=\u00bb90&#8243; _builder_version=\u00bb4.20.4&#8243; _module_preset=\u00bbdefault\u00bb title_font=\u00bbCatamaran||||||||\u00bb title_font_size=\u00bb20px\u00bb global_colors_info=\u00bb{}\u00bb bar_background_color_default=\u00bb#e8d5c4&#8243; use_percentages=\u00bbon\u00bb]Semi\u00f3tica[\/et_pb_counter][et_pb_counter percent=\u00bb100&#8243; _builder_version=\u00bb4.20.4&#8243; _module_preset=\u00bbdefault\u00bb title_font=\u00bbCatamaran||||||||\u00bb title_font_size=\u00bb20px\u00bb global_colors_info=\u00bb{}\u00bb bar_background_color_default=\u00bb#e8d5c4&#8243; use_percentages=\u00bbon\u00bb]Gesti\u00f3n del dise\u00f1o[\/et_pb_counter][et_pb_counter percent=\u00bb80&#8243; _builder_version=\u00bb4.20.4&#8243; _module_preset=\u00bbdefault\u00bb title_font=\u00bbCatamaran||||||||\u00bb title_font_size=\u00bb20px\u00bb global_colors_info=\u00bb{}\u00bb bar_background_color_default=\u00bb#e8d5c4&#8243; use_percentages=\u00bbon\u00bb]Taller de mapa de bits[\/et_pb_counter][et_pb_counter percent=\u00bb75&#8243; _builder_version=\u00bb4.20.4&#8243; _module_preset=\u00bbdefault\u00bb title_font=\u00bbCatamaran||||||||\u00bb title_font_size=\u00bb20px\u00bb global_colors_info=\u00bb{}\u00bb bar_background_color_default=\u00bb#e8d5c4&#8243; use_percentages=\u00bbon\u00bb]Dise\u00f1o Gr\u00e1fico[\/et_pb_counter][et_pb_counter percent=\u00bb90&#8243; _builder_version=\u00bb4.20.4&#8243; _module_preset=\u00bbdefault\u00bb title_font=\u00bbCatamaran||||||||\u00bb title_font_size=\u00bb20px\u00bb global_colors_info=\u00bb{}\u00bb bar_background_color_default=\u00bb#e8d5c4&#8243; use_percentages=\u00bbon\u00bb]Taller de literatura cient\u00edfica[\/et_pb_counter][et_pb_counter percent=\u00bb90&#8243; _builder_version=\u00bb4.20.4&#8243; _module_preset=\u00bbdefault\u00bb title_font=\u00bbCatamaran||||||||\u00bb title_font_size=\u00bb20px\u00bb global_colors_info=\u00bb{}\u00bb bar_background_color_default=\u00bb#e8d5c4&#8243; use_percentages=\u00bbon\u00bb]Portafolio de aprendizaje[\/et_pb_counter][et_pb_counter percent=\u00bb100&#8243; _builder_version=\u00bb4.20.4&#8243; _module_preset=\u00bbdefault\u00bb title_font=\u00bbCatamaran||||||||\u00bb title_font_size=\u00bb20px\u00bb global_colors_info=\u00bb{}\u00bb bar_background_color_default=\u00bb#e8d5c4&#8243; use_percentages=\u00bbon\u00bb]Estilo de vida saludable[\/et_pb_counter][\/et_pb_counters][\/et_pb_column][\/et_pb_row][\/et_pb_section]<\/p>\n","protected":false},"excerpt":{"rendered":"<p>AUTOEVALUACI\u00d3NQuinto semestre Fotograf\u00eda Comercial Taller de Producci\u00f3n Audiovisual Taller de gr\u00e1ficos vectorialesProceso creativoHistoria del arte y dise\u00f1oEstudio de los evangeliosDibujo Acad\u00e9micoSexto semestreGeometr\u00eda descriptivaSemi\u00f3ticaGesti\u00f3n del dise\u00f1oTaller de mapa de bitsDise\u00f1o Gr\u00e1ficoTaller de literatura cient\u00edficaPortafolio de aprendizajeEstilo de vida saludable<\/p>\n","protected":false},"author":48,"featured_media":0,"parent":0,"menu_order":6,"comment_status":"closed","ping_status":"closed","template":"","meta":{"_et_pb_use_builder":"on","_et_pb_old_content":"<!-- wp:divi\/placeholder \/-->","_et_gb_content_width":"","inline_featured_image":false,"footnotes":""},"_links":{"self":[{"href":"https:\/\/dcv.artcom.mx\/pda\/1220371\/wp-json\/wp\/v2\/pages\/15"}],"collection":[{"href":"https:\/\/dcv.artcom.mx\/pda\/1220371\/wp-json\/wp\/v2\/pages"}],"about":[{"href":"https:\/\/dcv.artcom.mx\/pda\/1220371\/wp-json\/wp\/v2\/types\/page"}],"author":[{"embeddable":true,"href":"https:\/\/dcv.artcom.mx\/pda\/1220371\/wp-json\/wp\/v2\/users\/48"}],"replies":[{"embeddable":true,"href":"https:\/\/dcv.artcom.mx\/pda\/1220371\/wp-json\/wp\/v2\/comments?post=15"}],"version-history":[{"count":8,"href":"https:\/\/dcv.artcom.mx\/pda\/1220371\/wp-json\/wp\/v2\/pages\/15\/revisions"}],"predecessor-version":[{"id":1501,"href":"https:\/\/dcv.artcom.mx\/pda\/1220371\/wp-json\/wp\/v2\/pages\/15\/revisions\/1501"}],"wp:attachment":[{"href":"https:\/\/dcv.artcom.mx\/pda\/1220371\/wp-json\/wp\/v2\/media?parent=15"}],"curies":[{"name":"wp","href":"https:\/\/api.w.org\/{rel}","templated":true}]}}