{"id":7,"date":"2020-03-03T22:17:35","date_gmt":"2020-03-04T04:17:35","guid":{"rendered":"http:\/\/pdadcv.artcom.mx\/portafolio-demo\/?page_id=7"},"modified":"2023-12-18T19:31:37","modified_gmt":"2023-12-18T19:31:37","slug":"mi-carrera","status":"publish","type":"page","link":"https:\/\/dcv.artcom.mx\/pda\/1210164\/mi-carrera\/","title":{"rendered":"Mi carrera"},"content":{"rendered":"<p>[et_pb_section fb_built=\u00bb1&#8243; admin_label=\u00bbHeader\u00bb _builder_version=\u00bb4.19.1&#8243; _module_preset=\u00bbdefault\u00bb collapsed=\u00bbon\u00bb global_colors_info=\u00bb{}\u00bb theme_builder_area=\u00bbpost_content\u00bb][et_pb_row _builder_version=\u00bb4.19.1&#8243; _module_preset=\u00bbdefault\u00bb global_colors_info=\u00bb{}\u00bb theme_builder_area=\u00bbpost_content\u00bb][et_pb_column type=\u00bb4_4&#8243; _builder_version=\u00bb4.19.1&#8243; _module_preset=\u00bbdefault\u00bb global_colors_info=\u00bb{}\u00bb theme_builder_area=\u00bbpost_content\u00bb][et_pb_text _builder_version=\u00bb4.19.1&#8243; _module_preset=\u00bbea10ec3f-a868-436b-96aa-8d53fd11961d\u00bb custom_margin=\u00bb||10px||false|false\u00bb global_colors_info=\u00bb{}\u00bb theme_builder_area=\u00bbpost_content\u00bb]<\/p>\n<h1>DCV (Dise\u00f1o de Comunicaci\u00f3n Visual)\u00a0<\/h1>\n<p>[\/et_pb_text][et_pb_text _builder_version=\u00bb4.19.1&#8243; _module_preset=\u00bbf806f7fa-b66f-4ed6-a683-b94923478ad0&#8243; global_colors_info=\u00bb{}\u00bb theme_builder_area=\u00bbpost_content\u00bb]<\/p>\n<p>Se buscan desarrollar un entorno, mediante conceptos e ideas creativas que impacten positivamente la vida de los dem\u00e1s.<\/p>\n<p><strong>\u00bfPor qu\u00e9 decidi estudiar DCV?<\/strong><\/p>\n<p>Larga historia, pero la versi\u00f3n que me gusta contar es la siguiente: Yo iba a estudiar Comunicaci\u00f3n, pero cuando vi el plan de estudios me di cuenta que tenia algunas aptitudes como hablar en p\u00fablico o ser buena hablando enfrente de una c\u00e1mara, lo cual claramente no se me da as\u00ed de f\u00e1cil. As\u00ed que me ense\u00f1aron el plan de estudio de DCV y me gusto, por que era una mezcla entre Comunicaci\u00f3n y Artes, y me atrap\u00f3 la carrera de Dise\u00f1o de Comunicaci\u00f3n Visual.<\/p>\n<p><!-- notionvc: 9b6b74dc-1c51-4c38-8919-edea7215bb13 --><\/p>\n<p>[\/et_pb_text][et_pb_image title_text=\u00bbCaptura de pantalla 2023-04-26 a la(s) 1.47.39 a.m.\u00bb _builder_version=\u00bb4.20.4&#8243; _module_preset=\u00bbdefault\u00bb hover_enabled=\u00bb0&#8243; global_colors_info=\u00bb{}\u00bb theme_builder_area=\u00bbpost_content\u00bb src=\u00bbhttp:\/\/dcv.artcom.mx\/pda\/1210164\/wp-content\/uploads\/sites\/36\/2023\/04\/Captura-de-pantalla-2023-04-26-a-las-1.47.39-a.m.png\u00bb sticky_enabled=\u00bb0&#8243;][\/et_pb_image][\/et_pb_column][\/et_pb_row][\/et_pb_section][et_pb_section fb_built=\u00bb1&#8243; admin_label=\u00bbFeatures\u00bb _builder_version=\u00bb4.19.1&#8243; _module_preset=\u00bbdefault\u00bb locked=\u00bboff\u00bb collapsed=\u00bbon\u00bb global_colors_info=\u00bb{}\u00bb theme_builder_area=\u00bbpost_content\u00bb custom_margin=\u00bb||-739px|||\u00bb custom_padding=\u00bb||56px|||\u00bb][et_pb_row column_structure=\u00bb1_4,3_4&#8243; _builder_version=\u00bb4.19.1&#8243; _module_preset=\u00bbdefault\u00bb global_colors_info=\u00bb{}\u00bb theme_builder_area=\u00bbpost_content\u00bb][et_pb_column type=\u00bb1_4&#8243; _builder_version=\u00bb4.19.1&#8243; _module_preset=\u00bbdefault\u00bb global_colors_info=\u00bb{}\u00bb theme_builder_area=\u00bbpost_content\u00bb][et_pb_text _builder_version=\u00bb4.20.4&#8243; _module_preset=\u00bbf6745bf3-9f8e-41a3-9667-574931a334fa\u00bb text_orientation=\u00bbright\u00bb hover_enabled=\u00bb0&#8243; text_orientation_tablet=\u00bbleft\u00bb text_orientation_phone=\u00bbleft\u00bb text_orientation_last_edited=\u00bbon|tablet\u00bb global_colors_info=\u00bb{}\u00bb theme_builder_area=\u00bbpost_content\u00bb sticky_enabled=\u00bb0&#8243;]<\/p>\n<h4>Expectativas<\/h4>\n<p>[\/et_pb_text][\/et_pb_column][et_pb_column type=\u00bb3_4&#8243; _builder_version=\u00bb4.19.1&#8243; _module_preset=\u00bbdefault\u00bb global_colors_info=\u00bb{}\u00bb theme_builder_area=\u00bbpost_content\u00bb][et_pb_text _builder_version=\u00bb4.19.1&#8243; _module_preset=\u00bbaa18c6e4-9bf4-416d-804c-0c02c8da3e70&#8243; global_colors_info=\u00bb{}\u00bb theme_builder_area=\u00bbpost_content\u00bb]<\/p>\n<ul>\n<li>Qu\u00e9 pueda aprender las herramientas necesarias para poder tener mejor perfil como dise\u00f1adora.<\/li>\n<li>Poder trabajar con el branding y el marketing que son como las \u00e1reas m\u00e1s fuertes y que me llaman la atenci\u00f3n.<\/li>\n<li>Aparte de aprender, poder encontrar amigos con los cuales yo me pueda apoyar en cualquier momento.<\/li>\n<\/ul>\n<p>[\/et_pb_text][\/et_pb_column][\/et_pb_row][et_pb_row column_structure=\u00bb1_4,3_4&#8243; _builder_version=\u00bb4.19.1&#8243; _module_preset=\u00bbdefault\u00bb global_colors_info=\u00bb{}\u00bb theme_builder_area=\u00bbpost_content\u00bb][et_pb_column type=\u00bb1_4&#8243; _builder_version=\u00bb4.19.1&#8243; _module_preset=\u00bbdefault\u00bb global_colors_info=\u00bb{}\u00bb theme_builder_area=\u00bbpost_content\u00bb][et_pb_text _builder_version=\u00bb4.20.4&#8243; _module_preset=\u00bbf6745bf3-9f8e-41a3-9667-574931a334fa\u00bb text_orientation=\u00bbright\u00bb hover_enabled=\u00bb0&#8243; text_orientation_tablet=\u00bbleft\u00bb text_orientation_phone=\u00bbleft\u00bb text_orientation_last_edited=\u00bbon|tablet\u00bb global_colors_info=\u00bb{}\u00bb theme_builder_area=\u00bbpost_content\u00bb sticky_enabled=\u00bb0&#8243;]<\/p>\n<h4>Habilidades<\/h4>\n<p>[\/et_pb_text][\/et_pb_column][et_pb_column type=\u00bb3_4&#8243; _builder_version=\u00bb4.19.1&#8243; _module_preset=\u00bbdefault\u00bb global_colors_info=\u00bb{}\u00bb theme_builder_area=\u00bbpost_content\u00bb][et_pb_text _builder_version=\u00bb4.19.1&#8243; _module_preset=\u00bbaa18c6e4-9bf4-416d-804c-0c02c8da3e70&#8243; global_colors_info=\u00bb{}\u00bb theme_builder_area=\u00bbpost_content\u00bb]<\/p>\n<p>Durante los tres a\u00f1os en que estado estudiado e aprendido de todo un poco tanto a usar softwares que son herramientas para el dise\u00f1o y tanto como t\u00e9cnicas manuales al hacer proyectos.<!-- notionvc: 627a7a56-d8c6-4ecf-bd9d-c10ebb80971a --><\/p>\n<p>[\/et_pb_text][\/et_pb_column][\/et_pb_row][et_pb_row column_structure=\u00bb1_4,3_4&#8243; _builder_version=\u00bb4.19.1&#8243; _module_preset=\u00bbdefault\u00bb global_colors_info=\u00bb{}\u00bb theme_builder_area=\u00bbpost_content\u00bb][et_pb_column type=\u00bb1_4&#8243; _builder_version=\u00bb4.19.1&#8243; _module_preset=\u00bbdefault\u00bb global_colors_info=\u00bb{}\u00bb theme_builder_area=\u00bbpost_content\u00bb][et_pb_text _builder_version=\u00bb4.20.4&#8243; _module_preset=\u00bbf6745bf3-9f8e-41a3-9667-574931a334fa\u00bb text_orientation=\u00bbright\u00bb hover_enabled=\u00bb0&#8243; text_orientation_tablet=\u00bbleft\u00bb text_orientation_phone=\u00bbleft\u00bb text_orientation_last_edited=\u00bbon|tablet\u00bb global_colors_info=\u00bb{}\u00bb theme_builder_area=\u00bbpost_content\u00bb sticky_enabled=\u00bb0&#8243;]<\/p>\n<h4>Futuro<\/h4>\n<p>[\/et_pb_text][\/et_pb_column][et_pb_column type=\u00bb3_4&#8243; _builder_version=\u00bb4.19.1&#8243; _module_preset=\u00bbdefault\u00bb global_colors_info=\u00bb{}\u00bb theme_builder_area=\u00bbpost_content\u00bb][et_pb_text _builder_version=\u00bb4.19.1&#8243; _module_preset=\u00bbaa18c6e4-9bf4-416d-804c-0c02c8da3e70&#8243; global_colors_info=\u00bb{}\u00bb theme_builder_area=\u00bbpost_content\u00bb]<\/p>\n<p>En 1 a\u00f1o es cuando acabar\u00e9 la carrera y creo que lo que m\u00e1s espero es que pueda cumplir con las expectativas que tenia desde un principio y por lo menos salir con herramientas buenas para desarrollar mi trabajo.<!-- notionvc: eb9c92bc-4553-42ae-8e99-919d165e2d13 --><\/p>\n<p>[\/et_pb_text][\/et_pb_column][\/et_pb_row][\/et_pb_section]<\/p>\n","protected":false},"excerpt":{"rendered":"<p>DCV (Dise\u00f1o de Comunicaci\u00f3n Visual)\u00a0Se buscan desarrollar un entorno, mediante conceptos e ideas creativas que impacten positivamente la vida de los dem\u00e1s. \u00bfPor qu\u00e9 decidi estudiar DCV? Larga historia, pero la versi\u00f3n que me gusta contar es la siguiente: Yo iba a estudiar Comunicaci\u00f3n, pero cuando vi el plan de estudios me di cuenta que [&hellip;]<\/p>\n","protected":false},"author":39,"featured_media":0,"parent":0,"menu_order":3,"comment_status":"closed","ping_status":"closed","template":"","meta":{"_et_pb_use_builder":"on","_et_pb_old_content":"","_et_gb_content_width":"","inline_featured_image":false,"footnotes":""},"_links":{"self":[{"href":"https:\/\/dcv.artcom.mx\/pda\/1210164\/wp-json\/wp\/v2\/pages\/7"}],"collection":[{"href":"https:\/\/dcv.artcom.mx\/pda\/1210164\/wp-json\/wp\/v2\/pages"}],"about":[{"href":"https:\/\/dcv.artcom.mx\/pda\/1210164\/wp-json\/wp\/v2\/types\/page"}],"author":[{"embeddable":true,"href":"https:\/\/dcv.artcom.mx\/pda\/1210164\/wp-json\/wp\/v2\/users\/39"}],"replies":[{"embeddable":true,"href":"https:\/\/dcv.artcom.mx\/pda\/1210164\/wp-json\/wp\/v2\/comments?post=7"}],"version-history":[{"count":33,"href":"https:\/\/dcv.artcom.mx\/pda\/1210164\/wp-json\/wp\/v2\/pages\/7\/revisions"}],"predecessor-version":[{"id":1197,"href":"https:\/\/dcv.artcom.mx\/pda\/1210164\/wp-json\/wp\/v2\/pages\/7\/revisions\/1197"}],"wp:attachment":[{"href":"https:\/\/dcv.artcom.mx\/pda\/1210164\/wp-json\/wp\/v2\/media?parent=7"}],"curies":[{"name":"wp","href":"https:\/\/api.w.org\/{rel}","templated":true}]}}