{"id":159,"date":"2020-03-03T22:11:41","date_gmt":"2020-03-04T04:11:41","guid":{"rendered":"http:\/\/pdadcv.artcom.mx\/portafolio-demo\/?page_id=2"},"modified":"2023-12-18T19:24:52","modified_gmt":"2023-12-18T19:24:52","slug":"acerca-de-mi","status":"publish","type":"page","link":"https:\/\/dcv.artcom.mx\/pda\/1210164\/acerca-de-mi\/","title":{"rendered":"Acerca de mi"},"content":{"rendered":"<p>[et_pb_section fb_built=\u00bb1&#8243; admin_label=\u00bbHeader\u00bb _builder_version=\u00bb4.20.4&#8243; _module_preset=\u00bbdefault\u00bb background_color=\u00bbrgba(85,147,219,0.8)\u00bb collapsed=\u00bbon\u00bb global_colors_info=\u00bb{}\u00bb][et_pb_row column_structure=\u00bb1_2,1_2&#8243; _builder_version=\u00bb4.19.1&#8243; _module_preset=\u00bbdefault\u00bb custom_margin=\u00bb|auto|-120px|auto||\u00bb global_colors_info=\u00bb{}\u00bb][et_pb_column type=\u00bb1_2&#8243; _builder_version=\u00bb4.19.1&#8243; _module_preset=\u00bbdefault\u00bb global_colors_info=\u00bb{}\u00bb][et_pb_text _builder_version=\u00bb4.20.4&#8243; _module_preset=\u00bbfe475714-5591-45fe-96c8-ee512d1099f2&#8243; text_text_color=\u00bb#FFFFFF\u00bb custom_margin=\u00bb||10px||false|false\u00bb hover_enabled=\u00bb0&#8243; global_colors_info=\u00bb{}\u00bb sticky_enabled=\u00bb0&#8243;]<\/p>\n<p>@_.bluedesigns<\/p>\n<p>[\/et_pb_text][et_pb_text _builder_version=\u00bb4.19.2&#8243; _module_preset=\u00bbddb00b9e-4eb5-4170-b29c-21255ea51735&#8243; header_text_color=\u00bb#FFFFFF\u00bb global_colors_info=\u00bb{}\u00bb]<\/p>\n<h1>Regia de Coraz\u00f3n<\/h1>\n<p>[\/et_pb_text][\/et_pb_column][et_pb_column type=\u00bb1_2&#8243; _builder_version=\u00bb4.19.1&#8243; _module_preset=\u00bbdefault\u00bb global_colors_info=\u00bb{}\u00bb][et_pb_text _builder_version=\u00bb4.19.2&#8243; _module_preset=\u00bbfe475714-5591-45fe-96c8-ee512d1099f2&#8243; text_text_color=\u00bb#FFFFFF\u00bb min_height=\u00bb209.6px\u00bb custom_margin=\u00bb||107px|||\u00bb custom_padding=\u00bb||0px|||\u00bb global_colors_info=\u00bb{}\u00bb]<\/p>\n<p>Mmmm por donde empezar\u2026me llam\u00f3 Rebeca aunque mi nombre completo es Judith Rebeca Gonz\u00e1lez Honorato. A comparaci\u00f3n de lo que dice la gente\u2026NO soy regia nac\u00ed en San Nicolas de los Garza, pero soy regia de coraz\u00f3n. Amo el color azul, me gusta escuchar m\u00fasica, leer, y en mi tiempos libres me creo critica de cine. A edad mi de 19 a\u00f1os, estoy por culminar mi tercer a\u00f1o de la carrera de Dise\u00f1o de Comunicaci\u00f3n Visual.<!-- notionvc: 26f699bd-5802-4faf-aa73-bea607dbc4c3 --><\/p>\n<p>[\/et_pb_text][\/et_pb_column][\/et_pb_row][\/et_pb_section][et_pb_section fb_built=\u00bb1&#8243; custom_padding_last_edited=\u00bbon|tablet\u00bb _builder_version=\u00bb4.20.4&#8243; _module_preset=\u00bbdefault\u00bb background_color=\u00bb#f2f2f2&#8243; background_size=\u00bbcustom\u00bb background_image_width=\u00bb14%\u00bb background_position=\u00bbbottom_left\u00bb custom_padding=\u00bb0vw||0vw||true|false\u00bb custom_padding_tablet=\u00bb|||10vw|true|false\u00bb custom_padding_phone=\u00bb|||10vw|true|false\u00bb global_colors_info=\u00bb{}\u00bb][et_pb_row column_structure=\u00bb2_5,3_5&#8243; _builder_version=\u00bb4.19.2&#8243; _module_preset=\u00bbdefault\u00bb global_colors_info=\u00bb{}\u00bb][et_pb_column type=\u00bb2_5&#8243; _builder_version=\u00bb4.19.2&#8243; _module_preset=\u00bbdefault\u00bb global_colors_info=\u00bb{}\u00bb][et_pb_divider show_divider=\u00bboff\u00bb _builder_version=\u00bb4.19.2&#8243; _module_preset=\u00bbdefault\u00bb max_width_last_edited=\u00bboff|tablet\u00bb height=\u00bb40vw\u00bb custom_margin=\u00bb|||-30vw|false|false\u00bb border_radii=\u00bboff|||1000px|\u00bb border_width_all=\u00bb3px\u00bb border_color_all=\u00bb#000000&#8243; locked=\u00bboff\u00bb global_colors_info=\u00bb{}\u00bb][\/et_pb_divider][\/et_pb_column][et_pb_column type=\u00bb3_5&#8243; _builder_version=\u00bb4.19.2&#8243; _module_preset=\u00bbdefault\u00bb global_colors_info=\u00bb{}\u00bb][et_pb_text _builder_version=\u00bb4.19.2&#8243; _module_preset=\u00bba6510808-9a3a-4157-a292-a3320a9c0186&#8243; global_colors_info=\u00bb{}\u00bb]<\/p>\n<h2>Estudios<\/h2>\n<p>[\/et_pb_text][et_pb_text _builder_version=\u00bb4.19.1&#8243; _module_preset=\u00bb680f02cb-48e1-4705-9005-30b250b53fb0&#8243; locked=\u00bboff\u00bb global_colors_info=\u00bb{}\u00bb]<\/p>\n<p>Estudi\u00e9 en dos escuelas adventistas de Preescolar a 5 de Primaria de el IVS Cumbres y de 6 de Primaria a Preparatoria en el IVS Sur, el llegar a la UM no fue nada nuevo para m\u00ed ya que desde chica venia a la universidad por eventos de la escuela o iglesia.<!-- notionvc: 6115260c-6f54-4a35-a65c-dd790c0e2156 --><\/p>\n<p>[\/et_pb_text][et_pb_text _builder_version=\u00bb4.19.2&#8243; _module_preset=\u00bba6510808-9a3a-4157-a292-a3320a9c0186&#8243; locked=\u00bboff\u00bb global_colors_info=\u00bb{}\u00bb]<\/p>\n<h2>Metas<\/h2>\n<p>[\/et_pb_text][et_pb_text _builder_version=\u00bb4.19.1&#8243; _module_preset=\u00bb680f02cb-48e1-4705-9005-30b250b53fb0&#8243; locked=\u00bboff\u00bb global_colors_info=\u00bb{}\u00bb]<\/p>\n<p>Creo que una de las metas a corto plazo que tengo es poder acabar con buenas notas este semestre, pero siempre hay que so\u00f1ar en grande, no? a un plazo un poquito m\u00e1s largo ser\u00eda terminar la carrera con buenas notas\u2026y poder trabajar en las \u00e1reas que me interesan que es la editorial. Y otro sue\u00f1o que tengo es poder crear una propia agencia de dise\u00f1o, pero eso todav\u00eda en proceso de ideaci\u00f3n.<!-- notionvc: c4589380-7faa-47c7-a420-f911cc99c369 --><\/p>\n<p>[\/et_pb_text][\/et_pb_column][\/et_pb_row][\/et_pb_section][et_pb_section fb_built=\u00bb1&#8243; admin_label=\u00bbHeader\u00bb _builder_version=\u00bb4.20.4&#8243; _module_preset=\u00bbdefault\u00bb background_color=\u00bb#000000&#8243; min_height=\u00bb188px\u00bb collapsed=\u00bbon\u00bb global_colors_info=\u00bb{}\u00bb][et_pb_row _builder_version=\u00bb4.20.4&#8243; _module_preset=\u00bbdefault\u00bb custom_margin=\u00bb|auto|-120px|auto||\u00bb global_colors_info=\u00bb{}\u00bb][et_pb_column type=\u00bb4_4&#8243; _builder_version=\u00bb4.19.1&#8243; _module_preset=\u00bbdefault\u00bb global_colors_info=\u00bb{}\u00bb][et_pb_text _builder_version=\u00bb4.19.2&#8243; _module_preset=\u00bbddb00b9e-4eb5-4170-b29c-21255ea51735&#8243; header_text_color=\u00bb#FFFFFF\u00bb width=\u00bb100%\u00bb custom_margin=\u00bb|-510px||||\u00bb custom_padding=\u00bb|0px||||\u00bb global_colors_info=\u00bb{}\u00bb]<\/p>\n<h1>Now in English, &#8216;cause bilingual&#8230;<\/h1>\n<p>[\/et_pb_text][\/et_pb_column][\/et_pb_row][\/et_pb_section][et_pb_section fb_built=\u00bb1&#8243; admin_label=\u00bbHeader\u00bb _builder_version=\u00bb4.20.4&#8243; _module_preset=\u00bbdefault\u00bb background_color=\u00bbrgba(85,147,219,0.8)\u00bb min_height=\u00bb388.6px\u00bb custom_margin=\u00bb-2px|||||\u00bb custom_padding=\u00bb0px||0px|||\u00bb collapsed=\u00bbon\u00bb global_colors_info=\u00bb{}\u00bb][et_pb_row column_structure=\u00bb1_2,1_2&#8243; _builder_version=\u00bb4.19.1&#8243; _module_preset=\u00bbdefault\u00bb custom_margin=\u00bb|auto|-120px|auto||\u00bb global_colors_info=\u00bb{}\u00bb][et_pb_column type=\u00bb1_2&#8243; _builder_version=\u00bb4.19.1&#8243; _module_preset=\u00bbdefault\u00bb global_colors_info=\u00bb{}\u00bb][et_pb_text _builder_version=\u00bb4.20.4&#8243; _module_preset=\u00bbfe475714-5591-45fe-96c8-ee512d1099f2&#8243; text_text_color=\u00bb#FFFFFF\u00bb custom_margin=\u00bb||10px||false|false\u00bb global_colors_info=\u00bb{}\u00bb]<\/p>\n<p>@_.becart<\/p>\n<p>[\/et_pb_text][et_pb_text _builder_version=\u00bb4.19.2&#8243; _module_preset=\u00bbddb00b9e-4eb5-4170-b29c-21255ea51735&#8243; header_text_color=\u00bb#FFFFFF\u00bb global_colors_info=\u00bb{}\u00bb]<\/p>\n<h1>Regia from Heart<\/h1>\n<p>[\/et_pb_text][\/et_pb_column][et_pb_column type=\u00bb1_2&#8243; _builder_version=\u00bb4.19.1&#8243; _module_preset=\u00bbdefault\u00bb global_colors_info=\u00bb{}\u00bb][et_pb_text _builder_version=\u00bb4.19.2&#8243; _module_preset=\u00bbfe475714-5591-45fe-96c8-ee512d1099f2&#8243; text_text_color=\u00bb#FFFFFF\u00bb min_height=\u00bb209.6px\u00bb custom_margin=\u00bb||107px|||\u00bb custom_padding=\u00bb||0px|||\u00bb global_colors_info=\u00bb{}\u00bb]<\/p>\n<p>Hmmm, where to start&#8230; he called me Rebeca although my full name is Judith Rebeca Gonz\u00e1lez Honorato. Compared to what people say&#8230;I am NOT a royal, I was born in San Nicolas de los Garza, but I am a royal at heart. I love the color blue, I like listening to music, reading, and in my free time I consider myself a film critic. At the age of 19, I am about to complete my third year of studying Visual Communication Design.<br \/><!-- notionvc: 26f699bd-5802-4faf-aa73-bea607dbc4c3 --><\/p>\n<p>[\/et_pb_text][\/et_pb_column][\/et_pb_row][\/et_pb_section][et_pb_section fb_built=\u00bb1&#8243; custom_padding_last_edited=\u00bbon|tablet\u00bb _builder_version=\u00bb4.20.4&#8243; _module_preset=\u00bbdefault\u00bb background_color=\u00bbgcid-f4456b1a-3981-4d56-b88c-d51786b63b7b\u00bb background_size=\u00bbcustom\u00bb background_image_width=\u00bb14%\u00bb background_position=\u00bbbottom_left\u00bb min_height=\u00bb678.8px\u00bb custom_margin=\u00bb||-290px|||\u00bb custom_padding=\u00bb0vw||0vw||true|false\u00bb custom_padding_tablet=\u00bb|||10vw|true|false\u00bb custom_padding_phone=\u00bb|||10vw|true|false\u00bb global_colors_info=\u00bb{%22gcid-f4456b1a-3981-4d56-b88c-d51786b63b7b%22:%91%22background_color%22%93}\u00bb][et_pb_row column_structure=\u00bb2_5,3_5&#8243; _builder_version=\u00bb4.19.2&#8243; _module_preset=\u00bbdefault\u00bb global_colors_info=\u00bb{}\u00bb][et_pb_column type=\u00bb2_5&#8243; _builder_version=\u00bb4.19.2&#8243; _module_preset=\u00bbdefault\u00bb global_colors_info=\u00bb{}\u00bb][et_pb_divider show_divider=\u00bboff\u00bb _builder_version=\u00bb4.19.2&#8243; _module_preset=\u00bbdefault\u00bb max_width_last_edited=\u00bboff|tablet\u00bb height=\u00bb40vw\u00bb custom_margin=\u00bb|||-30vw|false|false\u00bb border_radii=\u00bboff|||1000px|\u00bb border_width_all=\u00bb3px\u00bb border_color_all=\u00bb#000000&#8243; locked=\u00bboff\u00bb global_colors_info=\u00bb{}\u00bb][\/et_pb_divider][\/et_pb_column][et_pb_column type=\u00bb3_5&#8243; _builder_version=\u00bb4.19.2&#8243; _module_preset=\u00bbdefault\u00bb global_colors_info=\u00bb{}\u00bb][et_pb_text _builder_version=\u00bb4.19.2&#8243; _module_preset=\u00bba6510808-9a3a-4157-a292-a3320a9c0186&#8243; global_colors_info=\u00bb{}\u00bb]<\/p>\n<h2><span data-token-index=\"0\" class=\"notion-enable-hover\">Studies<\/span><!-- notionvc: 615eff7d-882c-45f0-8e7f-901aacea2a81 --><\/h2>\n<p>[\/et_pb_text][et_pb_text _builder_version=\u00bb4.19.1&#8243; _module_preset=\u00bb680f02cb-48e1-4705-9005-30b250b53fb0&#8243; locked=\u00bboff\u00bb global_colors_info=\u00bb{}\u00bb]<\/p>\n<p>I studied in two Adventist schools from Preschool to 5th grade at IVS Cumbres and from 6th grade to High School at IVS Sur. Coming to UM was nothing new for me, since I had been coming to the university since I was a girl for university events school or church.<!-- notionvc: f88cdf9b-1e7c-4137-9e6d-051a31fde9dd --><\/p>\n<p>[\/et_pb_text][et_pb_text _builder_version=\u00bb4.19.2&#8243; _module_preset=\u00bba6510808-9a3a-4157-a292-a3320a9c0186&#8243; locked=\u00bboff\u00bb global_colors_info=\u00bb{}\u00bb]<\/p>\n<h2>Goals<\/h2>\n<p>[\/et_pb_text][et_pb_text _builder_version=\u00bb4.19.1&#8243; _module_preset=\u00bb680f02cb-48e1-4705-9005-30b250b53fb0&#8243; locked=\u00bboff\u00bb global_colors_info=\u00bb{}\u00bb]<\/p>\n<p>I think one of my short-term goals is to be able to finish with good grades this semester, but you always have to dream big, right? in a slightly longer term it would be to finish the degree with good grades\u2026 and be able to work in the areas that interest me, which is publishing. And another dream that I have is to be able to create my own design agency, but that is still in the ideation process.<!-- notionvc: ad6b17f5-7e51-4d98-8d46-520866dd9ff8 --><\/p>\n<p>[\/et_pb_text][\/et_pb_column][\/et_pb_row][\/et_pb_section]<\/p>\n","protected":false},"excerpt":{"rendered":"<p>@_.bluedesignsRegia de Coraz\u00f3nMmmm por donde empezar\u2026me llam\u00f3 Rebeca aunque mi nombre completo es Judith Rebeca Gonz\u00e1lez Honorato. A comparaci\u00f3n de lo que dice la gente\u2026NO soy regia nac\u00ed en San Nicolas de los Garza, pero soy regia de coraz\u00f3n. Amo el color azul, me gusta escuchar m\u00fasica, leer, y en mi tiempos libres me creo [&hellip;]<\/p>\n","protected":false},"author":39,"featured_media":0,"parent":0,"menu_order":2,"comment_status":"closed","ping_status":"closed","template":"","meta":{"_et_pb_use_builder":"on","_et_pb_old_content":"<!-- wp:paragraph -->\n<p>Esta es una p\u00e1gina de ejemplo. Es diferente a una entrada del blog porque permanecer\u00e1 en un solo lugar y aparecer\u00e1 en la navegaci\u00f3n de tu sitio (en la mayor\u00eda de los temas). La mayor\u00eda de las personas comienzan con una p\u00e1gina \u00abAcerca de\u00bb que les presenta a los visitantes potenciales del sitio. Podr\u00edas decir algo as\u00ed:<\/p>\n<!-- \/wp:paragraph -->\n\n<!-- wp:quote -->\n<blockquote class=\"wp-block-quote\"><p>\u00a1Bienvenido! Soy camarero de d\u00eda, aspirante a actor de noche y esta es mi web. Vivo en Mairena del Alcor, tengo un perro que se llama Firulais y me gusta el rebujito. (Y las tardes largas con caf\u00e9).<\/p><\/blockquote>\n<!-- \/wp:quote -->\n\n<!-- wp:paragraph -->\n<p>\u2026o algo as\u00ed:<\/p>\n<!-- \/wp:paragraph -->\n\n<!-- wp:quote -->\n<blockquote class=\"wp-block-quote\"><p>La empresa \u00abMariscos Recio\u00bb fue fundada por Antonio Recio Mata. Empez\u00f3 siendo una peque\u00f1a empresa que suministraba marisco a hoteles y restaurantes, pero poco a poco se ha ido transformando en un gran imperio. Mariscos Recio, el mar al mejor precio.<\/p><\/blockquote>\n<!-- \/wp:quote -->\n\n<!-- wp:paragraph -->\n<p>Como nuevo usuario de WordPress, deber\u00edas ir a <a href=\"http:\/\/pdadcv.artcom.mx\/portafolio-demo\/wp-admin\/\">tu escritorio<\/a> para borrar esta p\u00e1gina y crear nuevas p\u00e1ginas para tu contenido. \u00a1P\u00e1salo bien!<\/p>\n<!-- \/wp:paragraph -->","_et_gb_content_width":"","inline_featured_image":false,"footnotes":""},"_links":{"self":[{"href":"https:\/\/dcv.artcom.mx\/pda\/1210164\/wp-json\/wp\/v2\/pages\/159"}],"collection":[{"href":"https:\/\/dcv.artcom.mx\/pda\/1210164\/wp-json\/wp\/v2\/pages"}],"about":[{"href":"https:\/\/dcv.artcom.mx\/pda\/1210164\/wp-json\/wp\/v2\/types\/page"}],"author":[{"embeddable":true,"href":"https:\/\/dcv.artcom.mx\/pda\/1210164\/wp-json\/wp\/v2\/users\/39"}],"replies":[{"embeddable":true,"href":"https:\/\/dcv.artcom.mx\/pda\/1210164\/wp-json\/wp\/v2\/comments?post=159"}],"version-history":[{"count":39,"href":"https:\/\/dcv.artcom.mx\/pda\/1210164\/wp-json\/wp\/v2\/pages\/159\/revisions"}],"predecessor-version":[{"id":1190,"href":"https:\/\/dcv.artcom.mx\/pda\/1210164\/wp-json\/wp\/v2\/pages\/159\/revisions\/1190"}],"wp:attachment":[{"href":"https:\/\/dcv.artcom.mx\/pda\/1210164\/wp-json\/wp\/v2\/media?parent=159"}],"curies":[{"name":"wp","href":"https:\/\/api.w.org\/{rel}","templated":true}]}}