{"id":638,"date":"2024-04-08T14:23:20","date_gmt":"2024-04-08T14:23:20","guid":{"rendered":"https:\/\/dcv.artcom.mx\/pda\/1200438\/?page_id=638"},"modified":"2024-05-01T08:30:18","modified_gmt":"2024-05-01T08:30:18","slug":"actividades-laborales-y-certificaciones-2","status":"publish","type":"page","link":"https:\/\/dcv.artcom.mx\/pda\/1200438\/evidencias\/actividades-laborales-y-certificaciones-2\/","title":{"rendered":"Actividades laborales y certificaciones 2"},"content":{"rendered":"<p>[et_pb_section fb_built=\u00bb1&#8243; _builder_version=\u00bb4.20.4&#8243; _module_preset=\u00bbdefault\u00bb global_colors_info=\u00bb{}\u00bb][et_pb_row _builder_version=\u00bb4.20.4&#8243; _module_preset=\u00bbdefault\u00bb global_colors_info=\u00bb{}\u00bb][et_pb_column type=\u00bb4_4&#8243; _builder_version=\u00bb4.20.4&#8243; _module_preset=\u00bbdefault\u00bb global_colors_info=\u00bb{}\u00bb][et_pb_text _builder_version=\u00bb4.20.4&#8243; _module_preset=\u00bbdefault\u00bb text_font=\u00bbCalistoga||||||||\u00bb text_text_color=\u00bb#000000&#8243; text_font_size=\u00bb40px\u00bb text_line_height=\u00bb1.2em\u00bb text_orientation=\u00bbcenter\u00bb custom_margin=\u00bb-36px|||||\u00bb global_colors_info=\u00bb{}\u00bb]Actividades laborales[\/et_pb_text][\/et_pb_column][\/et_pb_row][\/et_pb_section][et_pb_section fb_built=\u00bb1&#8243; _builder_version=\u00bb4.20.4&#8243; _module_preset=\u00bbdefault\u00bb min_height=\u00bb526px\u00bb global_colors_info=\u00bb{}\u00bb][et_pb_row _builder_version=\u00bb4.20.4&#8243; _module_preset=\u00bbdefault\u00bb global_colors_info=\u00bb{}\u00bb][et_pb_column type=\u00bb4_4&#8243; _builder_version=\u00bb4.20.4&#8243; _module_preset=\u00bbdefault\u00bb global_colors_info=\u00bb{}\u00bb][et_pb_image src=\u00bbhttp:\/\/dcv.artcom.mx\/pda\/1200438\/wp-content\/uploads\/sites\/40\/2024\/05\/maxresdefault-3.jpg\u00bb title_text=\u00bbmaxresdefault-3&#8243; force_fullwidth=\u00bbon\u00bb _builder_version=\u00bb4.24.2&#8243; _module_preset=\u00bbdefault\u00bb transform_scale=\u00bb133.5%|133.5%\u00bb custom_margin=\u00bb|25px|-19px|||\u00bb hover_enabled=\u00bb0&#8243; global_colors_info=\u00bb{}\u00bb sticky_enabled=\u00bb0&#8243;][\/et_pb_image][\/et_pb_column][\/et_pb_row][\/et_pb_section][et_pb_section fb_built=\u00bb1&#8243; _builder_version=\u00bb4.20.4&#8243; _module_preset=\u00bbdefault\u00bb background_image=\u00bbhttp:\/\/dcv.artcom.mx\/pda\/1200438\/wp-content\/uploads\/sites\/40\/2023\/05\/Mesa-de-trabajo-1-100-8-scaled.jpg\u00bb global_colors_info=\u00bb{}\u00bb][et_pb_row _builder_version=\u00bb4.20.4&#8243; _module_preset=\u00bbdefault\u00bb global_colors_info=\u00bb{}\u00bb][et_pb_column type=\u00bb4_4&#8243; _builder_version=\u00bb4.20.4&#8243; _module_preset=\u00bbdefault\u00bb global_colors_info=\u00bb{}\u00bb][et_pb_text _builder_version=\u00bb4.24.2&#8243; _module_preset=\u00bbdefault\u00bb text_font=\u00bbCalistoga||||||||\u00bb text_text_color=\u00bb#000000&#8243; text_font_size=\u00bb40px\u00bb text_line_height=\u00bb1.2em\u00bb text_orientation=\u00bbcenter\u00bb custom_margin=\u00bb45px|||532px||\u00bb hover_enabled=\u00bb0&#8243; global_colors_info=\u00bb{}\u00bb sticky_enabled=\u00bb0&#8243;]UMtv[\/et_pb_text][\/et_pb_column][\/et_pb_row][et_pb_row column_structure=\u00bb2_5,3_5&#8243; _builder_version=\u00bb4.20.4&#8243; _module_preset=\u00bbdefault\u00bb global_colors_info=\u00bb{}\u00bb][et_pb_column type=\u00bb2_5&#8243; _builder_version=\u00bb4.20.4&#8243; _module_preset=\u00bbdefault\u00bb global_colors_info=\u00bb{}\u00bb][et_pb_image src=\u00bbhttp:\/\/dcv.artcom.mx\/pda\/1200438\/wp-content\/uploads\/sites\/40\/2023\/05\/DSC02231-rotated.jpg\u00bb title_text=\u00bbDSC02231&#8243; _builder_version=\u00bb4.20.4&#8243; _module_preset=\u00bbdefault\u00bb custom_margin=\u00bb26px|168px||-76px||\u00bb global_colors_info=\u00bb{}\u00bb][\/et_pb_image][\/et_pb_column][et_pb_column type=\u00bb3_5&#8243; _builder_version=\u00bb4.20.4&#8243; _module_preset=\u00bbdefault\u00bb global_colors_info=\u00bb{}\u00bb][et_pb_text _builder_version=\u00bb4.20.4&#8243; _module_preset=\u00bbdefault\u00bb text_text_color=\u00bb#000000&#8243; text_font_size=\u00bb20px\u00bb text_line_height=\u00bb1.2em\u00bb text_orientation=\u00bbcenter\u00bb custom_margin=\u00bb|||18px||\u00bb global_colors_info=\u00bb{}\u00bb]<\/p>\n<p>Mi experiencia trabajando en UMtv, un estudio de televisi\u00f3n adventista, fue crucial para mi desarrollo acad\u00e9mico y personal. Al encargarme de insertar comerciales en la programaci\u00f3n, crear miniaturas para v\u00eddeos y dise\u00f1ar carteles para series en estreno, pude aplicar directamente los conocimientos adquiridos en mis estudios de comunicaci\u00f3n. Esta pr\u00e1ctica constante no solo refin\u00f3 mis habilidades t\u00e9cnicas en dise\u00f1o y edici\u00f3n audiovisual, sino que tambi\u00e9n mejor\u00f3 mi capacidad para comunicar mensajes de manera efectiva y atractiva, una competencia esencial en los medios de comunicaci\u00f3n.<\/p>\n<p>A nivel personal, el trabajo en UMtv mejor\u00f3 mi capacidad de trabajo en equipo y gesti\u00f3n del tiempo, habilidades fundamentales en cualquier entorno laboral. Adem\u00e1s, el estar en un entorno que refleja valores adventistas me permiti\u00f3 alinear mi labor con mis principios, lo que a\u00f1adi\u00f3 profundidad y significado a mi trabajo diario.<\/p>\n<p>En resumen, mi paso por UMtv no solo complement\u00f3 mi educaci\u00f3n universitaria, sino que tambi\u00e9n jug\u00f3 un papel importante en mi crecimiento personal, prepar\u00e1ndome para futuros desaf\u00edos profesionales y personales.<\/p>\n<p>&nbsp;<\/p>\n<p>[\/et_pb_text][\/et_pb_column][\/et_pb_row][\/et_pb_section][et_pb_section fb_built=\u00bb1&#8243; _builder_version=\u00bb4.20.4&#8243; _module_preset=\u00bbdefault\u00bb background_image=\u00bbhttp:\/\/dcv.artcom.mx\/pda\/1200438\/wp-content\/uploads\/sites\/40\/2023\/05\/Mesa-de-trabajo-1-100-8-scaled.jpg\u00bb global_colors_info=\u00bb{}\u00bb][et_pb_row _builder_version=\u00bb4.20.4&#8243; _module_preset=\u00bbdefault\u00bb global_colors_info=\u00bb{}\u00bb][et_pb_column type=\u00bb4_4&#8243; _builder_version=\u00bb4.20.4&#8243; _module_preset=\u00bbdefault\u00bb global_colors_info=\u00bb{}\u00bb][et_pb_text _builder_version=\u00bb4.24.2&#8243; _module_preset=\u00bbdefault\u00bb text_font=\u00bbCalistoga||||||||\u00bb text_text_color=\u00bb#000000&#8243; text_font_size=\u00bb40px\u00bb text_line_height=\u00bb1.2em\u00bb text_orientation=\u00bbcenter\u00bb custom_margin=\u00bb45px|||532px||\u00bb hover_enabled=\u00bb0&#8243; global_colors_info=\u00bb{}\u00bb sticky_enabled=\u00bb0&#8243;]<\/p>\n<p>Rotterdam<\/p>\n<p>[\/et_pb_text][\/et_pb_column][\/et_pb_row][et_pb_row column_structure=\u00bb2_5,3_5&#8243; _builder_version=\u00bb4.20.4&#8243; _module_preset=\u00bbdefault\u00bb global_colors_info=\u00bb{}\u00bb custom_margin=\u00bb|210px||auto||\u00bb][et_pb_column type=\u00bb2_5&#8243; _builder_version=\u00bb4.20.4&#8243; _module_preset=\u00bbdefault\u00bb global_colors_info=\u00bb{}\u00bb][et_pb_image src=\u00bbhttp:\/\/dcv.artcom.mx\/pda\/1200438\/wp-content\/uploads\/sites\/40\/2024\/05\/Captura-de-Pantalla-2024-05-01-a-las-2.29.11.png\u00bb title_text=\u00bbCaptura de Pantalla 2024-05-01 a la(s) 2.29.11&#8243; _builder_version=\u00bb4.24.2&#8243; _module_preset=\u00bbdefault\u00bb custom_margin=\u00bb16px|168px||-76px||\u00bb hover_enabled=\u00bb0&#8243; global_colors_info=\u00bb{}\u00bb sticky_enabled=\u00bb0&#8243;][\/et_pb_image][\/et_pb_column][et_pb_column type=\u00bb3_5&#8243; _builder_version=\u00bb4.20.4&#8243; _module_preset=\u00bbdefault\u00bb global_colors_info=\u00bb{}\u00bb][et_pb_text _builder_version=\u00bb4.20.4&#8243; _module_preset=\u00bbdefault\u00bb text_text_color=\u00bb#000000&#8243; text_font_size=\u00bb20px\u00bb text_line_height=\u00bb1.2em\u00bb text_orientation=\u00bbcenter\u00bb custom_margin=\u00bb|||18px||\u00bb global_colors_info=\u00bb{}\u00bb]<\/p>\n<p>Trabajar como fot\u00f3grafo deportivo y dise\u00f1ador para el equipo de f\u00fatbol universitario \u00abRotterdam\u00bb ha sido fundamental para mi crecimiento acad\u00e9mico y personal. Acad\u00e9micamente, esta experiencia me permiti\u00f3 aplicar directamente los conceptos de composici\u00f3n visual y t\u00e9cnicas fotogr\u00e1ficas aprendidas en mis estudios, mejorando mi habilidad para capturar la esencia del deporte en acci\u00f3n. Dise\u00f1ar materiales promocionales para el equipo tambi\u00e9n me desafi\u00f3 a traducir la energ\u00eda y la pasi\u00f3n del f\u00fatbol en gr\u00e1ficos visuales atractivos, lo que reforz\u00f3 mis capacidades de manejo de software de dise\u00f1o y cumplimiento de plazos.<\/p>\n<p>A nivel personal, el trabajo en equipo y la interacci\u00f3n continua con jugadores y entrenadores enriquecieron mi entendimiento de la din\u00e1mica de grupo y liderazgo. Esta posici\u00f3n no solo mejor\u00f3 mi capacidad para trabajar en ambientes de alta presi\u00f3n, sino que tambi\u00e9n agudiz\u00f3 mi adaptabilidad, habilidades esenciales para mi desarrollo profesional futuro. En conjunto, mi tiempo como fot\u00f3grafo y dise\u00f1ador para \u00abRotterdam\u00bb ha sido una plataforma invaluable para el avance de mis habilidades t\u00e9cnicas y personales.<\/p>\n<p>&nbsp;<\/p>\n<p>[\/et_pb_text][\/et_pb_column][\/et_pb_row][\/et_pb_section]<\/p>\n","protected":false},"excerpt":{"rendered":"<p>Actividades laboralesUMtvMi experiencia trabajando en UMtv, un estudio de televisi\u00f3n adventista, fue crucial para mi desarrollo acad\u00e9mico y personal. Al encargarme de insertar comerciales en la programaci\u00f3n, crear miniaturas para v\u00eddeos y dise\u00f1ar carteles para series en estreno, pude aplicar directamente los conocimientos adquiridos en mis estudios de comunicaci\u00f3n. Esta pr\u00e1ctica constante no solo refin\u00f3 [&hellip;]<\/p>\n","protected":false},"author":42,"featured_media":0,"parent":11,"menu_order":3,"comment_status":"closed","ping_status":"closed","template":"","meta":{"_et_pb_use_builder":"on","_et_pb_old_content":"","_et_gb_content_width":"","inline_featured_image":false,"footnotes":""},"_links":{"self":[{"href":"https:\/\/dcv.artcom.mx\/pda\/1200438\/wp-json\/wp\/v2\/pages\/638"}],"collection":[{"href":"https:\/\/dcv.artcom.mx\/pda\/1200438\/wp-json\/wp\/v2\/pages"}],"about":[{"href":"https:\/\/dcv.artcom.mx\/pda\/1200438\/wp-json\/wp\/v2\/types\/page"}],"author":[{"embeddable":true,"href":"https:\/\/dcv.artcom.mx\/pda\/1200438\/wp-json\/wp\/v2\/users\/42"}],"replies":[{"embeddable":true,"href":"https:\/\/dcv.artcom.mx\/pda\/1200438\/wp-json\/wp\/v2\/comments?post=638"}],"version-history":[{"count":8,"href":"https:\/\/dcv.artcom.mx\/pda\/1200438\/wp-json\/wp\/v2\/pages\/638\/revisions"}],"predecessor-version":[{"id":688,"href":"https:\/\/dcv.artcom.mx\/pda\/1200438\/wp-json\/wp\/v2\/pages\/638\/revisions\/688"}],"up":[{"embeddable":true,"href":"https:\/\/dcv.artcom.mx\/pda\/1200438\/wp-json\/wp\/v2\/pages\/11"}],"wp:attachment":[{"href":"https:\/\/dcv.artcom.mx\/pda\/1200438\/wp-json\/wp\/v2\/media?parent=638"}],"curies":[{"name":"wp","href":"https:\/\/api.w.org\/{rel}","templated":true}]}}