{"id":67,"date":"2020-03-03T18:04:14","date_gmt":"2020-03-04T00:04:14","guid":{"rendered":"http:\/\/pdadcv.artcom.mx\/portafolio-demo\/?page_id=67"},"modified":"2025-05-06T00:35:53","modified_gmt":"2025-05-06T00:35:53","slug":"diarios-metacognitivos","status":"publish","type":"page","link":"https:\/\/dcv.artcom.mx\/pda\/1170603\/evidencias\/diarios-metacognitivos\/","title":{"rendered":"Diarios Metacognitivos"},"content":{"rendered":"<p>[et_pb_section fb_built=\u00bb1&#8243; admin_label=\u00bbPortfolio\u00bb _builder_version=\u00bb4.16&#8243; _module_preset=\u00bbdefault\u00bb background_color=\u00bb#000000&#8243; use_background_color_gradient=\u00bbon\u00bb background_color_gradient_type=\u00bbcircular\u00bb background_color_gradient_direction_radial=\u00bbleft\u00bb background_color_gradient_stops=\u00bbrgba(255,255,255,0) 0%|rgba(255,255,255,0) 100%\u00bb background_color_gradient_start=\u00bbrgba(255,255,255,0)\u00bb background_color_gradient_end=\u00bbrgba(255,255,255,0)\u00bb global_colors_info=\u00bb{}\u00bb][et_pb_row _builder_version=\u00bb4.16&#8243; _module_preset=\u00bbdefault\u00bb global_colors_info=\u00bb{}\u00bb][et_pb_column type=\u00bb4_4&#8243; _builder_version=\u00bb4.16&#8243; _module_preset=\u00bbdefault\u00bb global_colors_info=\u00bb{}\u00bb][et_pb_text _builder_version=\u00bb4.16&#8243; _module_preset=\u00bbb6cb9bd8-0fbd-4699-b58d-51b3d480db23&#8243; header_2_font=\u00bbCandal|||on|||||\u00bb header_2_text_color=\u00bb#000000&#8243; header_2_font_size=\u00bb60px\u00bb header_2_line_height=\u00bb1.1em\u00bb header_2_font_size_tablet=\u00bb30px\u00bb header_2_font_size_phone=\u00bb22px\u00bb header_2_font_size_last_edited=\u00bbon|phone\u00bb header_2_line_height_tablet=\u00bb1.2em\u00bb header_2_line_height_phone=\u00bb1.3em\u00bb header_2_line_height_last_edited=\u00bbon|phone\u00bb global_colors_info=\u00bb{}\u00bb]<\/p>\n<h2 style=\"text-align: center\"><span style=\"color: #ffffff\">diario metacognitivo<\/span><\/h2>\n<h2 style=\"text-align: center\"><span style=\"color: #ffffff\"> pt.3<\/span><\/h2>\n<p style=\"text-align: center\">\n<p style=\"text-align: center\">\n<p>[\/et_pb_text][\/et_pb_column][\/et_pb_row][et_pb_row column_structure=\u00bb1_2,1_2&#8243; _builder_version=\u00bb4.24.2&#8243; _module_preset=\u00bbdefault\u00bb global_colors_info=\u00bb{}\u00bb][et_pb_column type=\u00bb1_2&#8243; _builder_version=\u00bb4.24.2&#8243; _module_preset=\u00bbdefault\u00bb global_colors_info=\u00bb{}\u00bb][et_pb_text _builder_version=\u00bb4.24.2&#8243; _module_preset=\u00bbdefault\u00bb inline_fonts=\u00bbAmaranth\u00bb global_colors_info=\u00bb{}\u00bb]<\/p>\n<h1><span style=\"font-family: Amaranth;font-weight: normal;color: #ffffff\">Branding <\/span><\/h1>\n<p><span style=\"font-family: Amaranth;font-weight: normal;color: #ffffff\"><\/span><\/p>\n<h3><span style=\"color: #ffffff;font-family: Amaranth\"><span>NAMOCA<\/span><\/span><\/h3>\n<h4><span style=\"color: #ffffff;font-family: Amaranth\"><span>El proyecto de branding de NAMOCA comenz\u00f3 con un an\u00e1lisis detallado del concepto y objetivos del proyecto. Se identificaron las necesidades y expectativas del cliente, lo que permiti\u00f3 definir las caracter\u00edsticas clave que deb\u00eda tener la identidad visual. A partir de esta evaluaci\u00f3n, se desarrollaron propuestas gr\u00e1ficas, seleccionaron paletas de colores y se definieron otros elementos visuales que resultaron ser los m\u00e1s adecuados para representar la esencia del proyecto, alineando la visi\u00f3n del cliente con lo m\u00e1s conveniente para su \u00e9xito.<\/span><\/span><span style=\"color: #ffffff;font-family: Amaranth;font-weight: normal\"><\/span><\/h4>\n<p><span style=\"font-family: Amaranth;font-weight: normal;color: #ffffff\"><\/span><\/p>\n<p>[\/et_pb_text][\/et_pb_column][et_pb_column type=\u00bb1_2&#8243; _builder_version=\u00bb4.24.2&#8243; _module_preset=\u00bbdefault\u00bb global_colors_info=\u00bb{}\u00bb][et_pb_gallery gallery_ids=\u00bb488,489,490&#8243; fullwidth=\u00bbon\u00bb _builder_version=\u00bb4.24.2&#8243; _module_preset=\u00bbdefault\u00bb global_colors_info=\u00bb{}\u00bb][\/et_pb_gallery][\/et_pb_column][\/et_pb_row][et_pb_row column_structure=\u00bb1_2,1_2&#8243; _builder_version=\u00bb4.24.2&#8243; _module_preset=\u00bbdefault\u00bb global_colors_info=\u00bb{}\u00bb][et_pb_column type=\u00bb1_2&#8243; _builder_version=\u00bb4.24.2&#8243; _module_preset=\u00bbdefault\u00bb global_colors_info=\u00bb{}\u00bb][et_pb_text _builder_version=\u00bb4.24.2&#8243; _module_preset=\u00bbdefault\u00bb inline_fonts=\u00bbAmaranth\u00bb global_colors_info=\u00bb{}\u00bb]<\/p>\n<h1><span style=\"color: #ffffff;font-family: Amaranth;font-weight: normal\">Aplicaciones\u00a0<\/span><span style=\"color: #ffffff;font-family: Amaranth\"><span>Gr\u00e1ficas<\/span><\/span><\/h1>\n<p><span style=\"color: #ffffff;font-family: Amaranth;font-weight: normal\"><\/span><\/p>\n<h4><span style=\"color: #ffffff;font-family: Amaranth\">Se hicieron distintas aplicaciones <span>gr\u00e1ficas<\/span> con mockups, para poder visualizar de una mejor manera el branding de NAMOCA.<\/span><\/h4>\n<p><span style=\"color: #ffffff;font-family: Amaranth;font-weight: normal\"><\/span><\/p>\n<p>[\/et_pb_text][\/et_pb_column][et_pb_column type=\u00bb1_2&#8243; _builder_version=\u00bb4.24.2&#8243; _module_preset=\u00bbdefault\u00bb global_colors_info=\u00bb{}\u00bb][et_pb_gallery gallery_ids=\u00bb479,480,481,482&#8243; fullwidth=\u00bbon\u00bb _builder_version=\u00bb4.24.2&#8243; _module_preset=\u00bbdefault\u00bb global_colors_info=\u00bb{}\u00bb][\/et_pb_gallery][\/et_pb_column][\/et_pb_row][et_pb_row column_structure=\u00bb1_2,1_2&#8243; _builder_version=\u00bb4.24.2&#8243; _module_preset=\u00bbdefault\u00bb global_colors_info=\u00bb{}\u00bb][et_pb_column type=\u00bb1_2&#8243; _builder_version=\u00bb4.24.2&#8243; _module_preset=\u00bbdefault\u00bb global_colors_info=\u00bb{}\u00bb][et_pb_text _builder_version=\u00bb4.24.2&#8243; _module_preset=\u00bbdefault\u00bb inline_fonts=\u00bbAmaranth\u00bb global_colors_info=\u00bb{}\u00bb]<\/p>\n<h1><span style=\"font-family: Amaranth;font-weight: normal;color: #ffffff\">Logo<\/span><\/h1>\n<h4><span style=\"font-family: Amaranth;font-weight: normal;color: #ffffff\">Para el logotipo se uso la siguiente ret\u00edcula\u00a0<\/span><\/p>\n<p><span style=\"font-family: Amaranth;font-weight: normal;color: #ffffff\"><\/span><\/h4>\n<p><span style=\"font-family: Amaranth;font-weight: normal;color: #ffffff\"><\/span><\/p>\n<p>[\/et_pb_text][\/et_pb_column][et_pb_column type=\u00bb1_2&#8243; _builder_version=\u00bb4.24.2&#8243; _module_preset=\u00bbdefault\u00bb global_colors_info=\u00bb{}\u00bb][et_pb_gallery gallery_ids=\u00bb485,484,486&#8243; fullwidth=\u00bbon\u00bb _builder_version=\u00bb4.24.2&#8243; _module_preset=\u00bbdefault\u00bb hover_enabled=\u00bb0&#8243; global_colors_info=\u00bb{}\u00bb sticky_enabled=\u00bb0&#8243;][\/et_pb_gallery][\/et_pb_column][\/et_pb_row][et_pb_row column_structure=\u00bb1_2,1_2&#8243; _builder_version=\u00bb4.24.2&#8243; _module_preset=\u00bbdefault\u00bb global_colors_info=\u00bb{}\u00bb][et_pb_column type=\u00bb1_2&#8243; _builder_version=\u00bb4.24.2&#8243; _module_preset=\u00bbdefault\u00bb global_colors_info=\u00bb{}\u00bb][et_pb_text _builder_version=\u00bb4.24.2&#8243; _module_preset=\u00bbdefault\u00bb inline_fonts=\u00bbAmaranth\u00bb global_colors_info=\u00bb{}\u00bb]<\/p>\n<h1><span style=\"color: #ffffff;font-family: Amaranth;font-weight: normal\">Resultado Final\u00a0<\/span><\/h1>\n<h4><span style=\"color: #ffffff;font-family: Amaranth\">Aqu\u00ed se muestra el resultado obtenido luego de haber dise\u00f1ado cada uno de los lineamientos, selecci\u00f3n tipogr\u00e1fica, paleta de colores y aplicaciones gr\u00e1ficas.\u00a0<\/span><span style=\"color: #ffffff;font-family: Amaranth;font-weight: normal\"><\/span><\/h4>\n<p><span style=\"color: #ffffff;font-family: Amaranth;font-weight: normal\"><\/span><\/p>\n<p>[\/et_pb_text][\/et_pb_column][et_pb_column type=\u00bb1_2&#8243; _builder_version=\u00bb4.24.2&#8243; _module_preset=\u00bbdefault\u00bb global_colors_info=\u00bb{}\u00bb][et_pb_gallery _builder_version=\u00bb4.24.2&#8243; _module_preset=\u00bbdefault\u00bb gallery_ids=\u00bb494,493,495&#8243; hover_enabled=\u00bb0&#8243; sticky_enabled=\u00bb0&#8243; fullwidth=\u00bbon\u00bb][\/et_pb_gallery][\/et_pb_column][\/et_pb_row][\/et_pb_section][et_pb_section fb_built=\u00bb1&#8243; fullwidth=\u00bbon\u00bb _builder_version=\u00bb4.20.4&#8243; _module_preset=\u00bbdefault\u00bb global_colors_info=\u00bb{}\u00bb][\/et_pb_section]<\/p>\n","protected":false},"excerpt":{"rendered":"<p>diario metacognitivo pt.3 Branding NAMOCA El proyecto de branding de NAMOCA comenz\u00f3 con un an\u00e1lisis detallado del concepto y objetivos del proyecto. Se identificaron las necesidades y expectativas del cliente, lo que permiti\u00f3 definir las caracter\u00edsticas clave que deb\u00eda tener la identidad visual. A partir de esta evaluaci\u00f3n, se desarrollaron propuestas gr\u00e1ficas, seleccionaron paletas de [&hellip;]<\/p>\n","protected":false},"author":45,"featured_media":0,"parent":11,"menu_order":2,"comment_status":"closed","ping_status":"closed","template":"","meta":{"_et_pb_use_builder":"on","_et_pb_old_content":"<!-- wp:divi\/placeholder \/-->","_et_gb_content_width":"","inline_featured_image":false,"footnotes":""},"_links":{"self":[{"href":"https:\/\/dcv.artcom.mx\/pda\/1170603\/wp-json\/wp\/v2\/pages\/67"}],"collection":[{"href":"https:\/\/dcv.artcom.mx\/pda\/1170603\/wp-json\/wp\/v2\/pages"}],"about":[{"href":"https:\/\/dcv.artcom.mx\/pda\/1170603\/wp-json\/wp\/v2\/types\/page"}],"author":[{"embeddable":true,"href":"https:\/\/dcv.artcom.mx\/pda\/1170603\/wp-json\/wp\/v2\/users\/45"}],"replies":[{"embeddable":true,"href":"https:\/\/dcv.artcom.mx\/pda\/1170603\/wp-json\/wp\/v2\/comments?post=67"}],"version-history":[{"count":12,"href":"https:\/\/dcv.artcom.mx\/pda\/1170603\/wp-json\/wp\/v2\/pages\/67\/revisions"}],"predecessor-version":[{"id":496,"href":"https:\/\/dcv.artcom.mx\/pda\/1170603\/wp-json\/wp\/v2\/pages\/67\/revisions\/496"}],"up":[{"embeddable":true,"href":"https:\/\/dcv.artcom.mx\/pda\/1170603\/wp-json\/wp\/v2\/pages\/11"}],"wp:attachment":[{"href":"https:\/\/dcv.artcom.mx\/pda\/1170603\/wp-json\/wp\/v2\/media?parent=67"}],"curies":[{"name":"wp","href":"https:\/\/api.w.org\/{rel}","templated":true}]}}